{"id":22263,"date":"2026-09-01T13:48:17","date_gmt":"2026-09-01T11:48:17","guid":{"rendered":"https:\/\/proda.no\/?post_type=tribe_events&#038;p=22263"},"modified":"2026-09-01T13:48:17","modified_gmt":"2026-09-01T11:48:17","slug":"apent-rom-7","status":"publish","type":"tribe_events","link":"https:\/\/proda.no\/en\/klasse\/apent-rom-7\/","title":{"rendered":"\u00c5pent rom"},"content":{"rendered":"<p><strong>\u00c5pent Rom for PRODA-brukere torsdag 3.september<\/strong><\/p>\n<p>Grunnet avlyst musikaldansklasse torsdag 3.september &#8211; blir det \u00e5pent rom i stedet for. Kom og gj\u00f8r det du har behov for eller tren med en kollega! Husk at det kan v\u00e6re mange i rommet &#8211; s\u00e5 ta hensyn til hverandre.<\/p>\n<p>VELKOMMEN!<\/p>","protected":false},"excerpt":{"rendered":"<p>\u00c5pent Rom for PRODA-brukere torsdag 3.september Grunnet avlyst musikaldansklasse torsdag 3.september &#8211; blir det \u00e5pent rom i stedet for. Kom og gj\u00f8r det du har behov for eller tren med&#8230;<\/p>","protected":false},"author":15,"featured_media":22251,"template":"","meta":{"_acf_changed":false,"_tribe_events_status":"","_tribe_events_status_reason":"","_tribe_events_is_hybrid":"","_tribe_events_is_virtual":"","_tribe_events_virtual_video_source":"","_tribe_events_virtual_embed_video":"","_tribe_events_virtual_linked_button_text":"","_tribe_events_virtual_linked_button":"","_tribe_events_virtual_show_embed_at":"","_tribe_events_virtual_show_embed_to":[],"_tribe_events_virtual_show_on_event":"","_tribe_events_virtual_show_on_views":"","_tribe_events_virtual_url":"","footnotes":""},"tags":[],"tribe_events_cat":[],"class_list":["post-22263","tribe_events","type-tribe_events","status-publish","has-post-thumbnail","hentry"],"acf":[],"_links":{"self":[{"href":"https:\/\/proda.no\/en\/wp-json\/wp\/v2\/tribe_events\/22263","targetHints":{"allow":["GET"]}}],"collection":[{"href":"https:\/\/proda.no\/en\/wp-json\/wp\/v2\/tribe_events"}],"about":[{"href":"https:\/\/proda.no\/en\/wp-json\/wp\/v2\/types\/tribe_events"}],"author":[{"embeddable":true,"href":"https:\/\/proda.no\/en\/wp-json\/wp\/v2\/users\/15"}],"version-history":[{"count":1,"href":"https:\/\/proda.no\/en\/wp-json\/wp\/v2\/tribe_events\/22263\/revisions"}],"predecessor-version":[{"id":22264,"href":"https:\/\/proda.no\/en\/wp-json\/wp\/v2\/tribe_events\/22263\/revisions\/22264"}],"wp:featuredmedia":[{"embeddable":true,"href":"https:\/\/proda.no\/en\/wp-json\/wp\/v2\/media\/22251"}],"wp:attachment":[{"href":"https:\/\/proda.no\/en\/wp-json\/wp\/v2\/media?parent=22263"}],"wp:term":[{"taxonomy":"post_tag","embeddable":true,"href":"https:\/\/proda.no\/en\/wp-json\/wp\/v2\/tags?post=22263"},{"taxonomy":"tribe_events_cat","embeddable":true,"href":"https:\/\/proda.no\/en\/wp-json\/wp\/v2\/tribe_events_cat?post=22263"}],"curies":[{"name":"wp","href":"https:\/\/api.w.org\/{rel}","templated":true}]}}

Åpent rom

<p><strong>Åpent Rom for PRODA-brukere torsdag 3.september</strong></p>
<p>Grunnet avlyst musikaldansklasse torsdag 3.september &#8211; blir det åpent rom i stedet for. Kom og gjør det du har behov for eller tren med en kollega! Husk at det kan være mange i rommet &#8211; så ta hensyn til hverandre.</p>
<p>VELKOMMEN!</p>

<p>Åpent Rom for PRODA-brukere torsdag 3.september Grunnet avlyst musikaldansklasse torsdag 3.september &#8211; blir det åpent rom i stedet for. Kom og gjør det du har behov for eller tren med&#8230;</p>
