{"id":20625,"date":"2025-12-19T14:00:18","date_gmt":"2025-12-19T13:00:18","guid":{"rendered":"https:\/\/proda.no\/?post_type=tribe_events&#038;p=20625"},"modified":"2026-02-03T11:36:56","modified_gmt":"2026-02-03T10:36:56","slug":"dansens-dager","status":"publish","type":"tribe_events","link":"https:\/\/proda.no\/en\/klasse\/dansens-dager\/","title":{"rendered":"How to Solo &#8211; workshop og fagsamtale"},"content":{"rendered":"<h1>Worskhop og fagsamtale<\/h1>\n<p><strong>How to Solo \u2013 solo i samtale<\/strong><\/p>\n<p>Onsdag 11. februar inviterer Dansens Hus og PRODA\u00a0til \u00abHow to Solo\u00bb &#8211; et verksted med Tone Kittelsen. Etter verkstedet inviterer vi p\u00e5 lunsj og samtale med et knippe dansekunstnere som arbeider med solo-formatet p\u00e5 ulike m\u00e5ter.<\/p>\n<p style=\"font-weight: 400;\"><strong>Program for dagen:<\/strong><\/p>\n<p>10.30 \u2013 11.00 \u2013 Foajeen er \u00e5pen<\/p>\n<p>11.00 \u2013 13.00 \u2013 <i>How to Solo<\/i>\u00a0p\u00e5 Hovedscenen<\/p>\n<p>13.00 \u2013 13.30 \u2013 Lunsj i foajeen<\/p>\n<p>13.30 \u2013 14.30 \u2013 <i>Solo i samtale<\/i>\u00a0i foajeen<\/p>\n<p>14.30 \u2013 15.30 \u2013 Foajeen er \u00e5pen med mulighet for \u00e5 henge og\/eller jobbe<\/p>\n<p data-pm-slice=\"1 1 []\"><strong>Deltakelse p\u00e5 workshopen er gratis og inkluderer lunsj, men du m\u00e5 ta ut billett. Workshopen er fulltegnet, <a href=\"https:\/\/billetter.dansenshus.com\/nb\/buyingflow\/tickets\/43924\/89887\/?_gl=1*hr8ynm*_ga*NTE5NTU1MTIxLjE3Mjk3NzgyOTc.*_ga_BS9N6YE32P*czE3Njc4Njk5MzEkbzc5JGcwJHQxNzY3ODY5OTMxJGo2MCRsMCRoMA..\">men du kan sette deg p\u00e5 venteliste!<\/a><\/strong><\/p>\n<p>&nbsp;<\/p>\n<p><strong>Lunsj og samtalen er derimot \u00e5pen &#8211; s\u00e5 bare \u00e5 dukke opp i foajeen p\u00e5 Dansens Hus til 13.00 eller 13.30! <\/strong><\/p>\n<p><a href=\"https:\/\/docs.google.com\/forms\/d\/e\/1FAIpQLScpBD76rKGIQKA-6wPW34Wm89N-JgoCc6v5yw7u89v3L_45lw\/viewform\" target=\"_blank\" rel=\"noopener noreferrer nofollow\"><strong>\u00d8nsker du lunsj? Da m\u00e5 du registrere deg her!<\/strong><\/a><\/p>\n<p>&nbsp;<\/p>\n<p><strong>How to Solo<\/strong><br \/>\n<i>How to Solo <\/i>er et konsept hvor vi tar for oss soloarbeid sammen, ledet av Tone Kittelsen. Konseptet tar utgangspunkt i hennes nysgjerrighet for soloformatet, og et \u00f8nske om \u00e5 ha flere \u00e5 dele egen praksis med. Vi jobber med den intuitive dansen, den som ikke kan planlegges, men som m\u00e5 f\u00e5 lov til \u00e5 oppst\u00e5 i og av seg selv.<\/p>\n<p>I <i>How to Solo <\/i>jobber vi alene, men sammen. Soloen er den dansen du gj\u00f8r alene, den som kommer fra deg selv og virker inn i eget og\/eller andres arbeid. Det er et \u00e5pent rom hvor terskelen er lav for \u00e5 jobbe foran hverandre og dele intuitive ideer.<strong>\u00a0<\/strong><\/p>\n<p>Under workshoppen er det et poeng at vi viser, tar eller danser ordet for hverandre. Vi \u00f8ver p\u00e5 den spontane dansen, den vi ikke har \u00f8vd p\u00e5, men som ligger der latent. Det som kommer der og da i \u00f8yeblikket. Vi \u00f8ver oss p\u00e5 at dansen v\u00e5r skal ta og f\u00e5 plass om den er ny, ferdig, halvferdig eller polert ved tanken. Den fysiske erfaringen kroppen v\u00e5r besitter.<\/p>\n<p><strong>Solo i samtale<\/strong><br \/>\nHva gj\u00f8r at man velger \u00e5 jobbe solo \u2013 er det et aktivt kunstnerisk valg eller en praktisk n\u00f8dvendighet? Hvordan oppst\u00e5r solodansen? Hvilke faktorer styrer og er avgj\u00f8rende for \u00e5 g\u00e5 i gang med et soloarbeid?<\/p>\n<p>Daltagere i samtalen er Tone Kittelsen og Steffi Lund. Med dansekunstnere som er godt kjent med soloformatet, vil de stille hverandre sp\u00f8rsm\u00e5l og \u00e5pne for refleksjoner rundt det \u00e5 jobbe med solo som uttrykksform. Vi samles i sirkel der publikum mot slutten av samtalen inviteres inn til \u00e5 stille sp\u00f8rsm\u00e5l og dele egne refleksjoner.<\/p>\n<div class=\"performance-content\">\n<div class=\"mb-10\">\n<div class=\"\">\n<div class=\"text-block__content px-0 w-full max-w-full\">\n<p><strong>Tone Kittelsen<\/strong> kommer fra Kristiansand og jobber frilans som dansekunstner med base i Oslo.\u00a0Kittelsen produserer og skaper egne forestillinger. Hun har produsert flere prosjekter som\u00a0 blant annet har blitt vist p\u00e5 scener som Kristiansand Kunsthall, S\u00f8rlandets Kunstmuseum, Nasjonalmuseet, Dansens Hus og B\u00e6rum Kulturhus. Hennes verk kjennetegnes av en dyp utforskning av bevegelse, kroppens potensial og de emosjonelle landskapene som dans kan skape.<\/p>\n<p>De siste \u00e5rene har hun samarbeidet tett med Tori Wr\u00e5nes og turnert nasjonalt og internasjonalt som en del av hennes team. Hun har medvirket i performancer som Sirkling, \u00c6ldgammel Baby, Naam Yai, Lips don\u00b4t cry og Garden of Lefthand. Kittelsen har ogs\u00e5 v\u00e6rt ansatt ved Den Norske Opera og Ballett som samtidsdanser i nyoppsetningen av Czardasfystinnen i 2022 og 2024.<\/p>\n<p>I Kristiansand har hun v\u00e6rt med p\u00e5 \u00e5 starte og drive festivalen Ravnedans siden oppstarten i 2009. Fra 2020 til 2023 var hun mottaker av Statens kunstnerstipend for nyetablerte kunstnere.<\/p>\n<\/div>\n<\/div>\n<\/div>\n<\/div>\n<p>Foto: Sigrun Drivdal Johsen \/ Danseinformasjonen<\/p>\n<p><strong>Steffi Lund<\/strong>, f. 1961. Fire \u00e5rs h\u00f8yskoleutdanning i Ny Dans og koreografi ved Kunsth\u00f8yskolen<br \/>\ni Amsterdam, avd. School for New Dance Development (SNDO), 1984-88. Innehaver av<br \/>\nStatens arbeidsstipend for etablerte kunstnere. Initiert og driftet egne prosjekter siden 1989,<br \/>\nmed soloen som viktigste medium (har skapt rundt regnet tjuefem soloer, i tillegg til andre<br \/>\ntyper prosjekter). Skriver egne scenetekster (b\u00e5de poetiske og mer fortellende, stand up-<br \/>\naktige), jobber mye med stemme og i intimt \u2018kammerformat\u2019. Virker i grenselandet<br \/>\ndans\/teater\/performance, ofte (alltid?) med skeiv innfallsvinkel. Arbeidene spenner fra det<br \/>\nnitidig komponerte til det \u00e5pent improviserte. Liker \u00e5 jobbe med komikk som virkemiddel, og<br \/>\nmed \u00e5 utvikle fysiske karakterer. Etter som \u00e5ra g\u00e5r har alder(dom) blitt et tema.<\/p>","protected":false},"excerpt":{"rendered":"<p>Worskhop og fagsamtale How to Solo \u2013 solo i samtale Onsdag 11. februar inviterer Dansens Hus og PRODA\u00a0til \u00abHow to Solo\u00bb &#8211; et verksted med Tone Kittelsen. Etter verkstedet inviterer&#8230;<\/p>","protected":false},"author":15,"featured_media":20915,"template":"","meta":{"_acf_changed":false,"_tribe_events_status":"","_tribe_events_status_reason":"","_tribe_events_is_hybrid":"","_tribe_events_is_virtual":"","_tribe_events_virtual_video_source":"","_tribe_events_virtual_embed_video":"","_tribe_events_virtual_linked_button_text":"","_tribe_events_virtual_linked_button":"","_tribe_events_virtual_show_embed_at":"","_tribe_events_virtual_show_embed_to":[],"_tribe_events_virtual_show_on_event":"","_tribe_events_virtual_show_on_views":"","_tribe_events_virtual_url":"","footnotes":""},"tags":[102,100,101,105,104,103,86],"tribe_events_cat":[75,69,53],"class_list":["post-20625","tribe_events","type-tribe_events","status-publish","has-post-thumbnail","hentry","tag-danseinformasjonen","tag-dansens-dager","tag-dd","tag-lunsj","tag-samatale","tag-seminar","tag-workshop","tribe_events_cat-dansens-hus","tribe_events_cat-seminar","tribe_events_cat-workshops","cat_dansens-hus","cat_seminar","cat_workshops"],"acf":[],"_links":{"self":[{"href":"https:\/\/proda.no\/en\/wp-json\/wp\/v2\/tribe_events\/20625","targetHints":{"allow":["GET"]}}],"collection":[{"href":"https:\/\/proda.no\/en\/wp-json\/wp\/v2\/tribe_events"}],"about":[{"href":"https:\/\/proda.no\/en\/wp-json\/wp\/v2\/types\/tribe_events"}],"author":[{"embeddable":true,"href":"https:\/\/proda.no\/en\/wp-json\/wp\/v2\/users\/15"}],"version-history":[{"count":6,"href":"https:\/\/proda.no\/en\/wp-json\/wp\/v2\/tribe_events\/20625\/revisions"}],"predecessor-version":[{"id":21033,"href":"https:\/\/proda.no\/en\/wp-json\/wp\/v2\/tribe_events\/20625\/revisions\/21033"}],"wp:featuredmedia":[{"embeddable":true,"href":"https:\/\/proda.no\/en\/wp-json\/wp\/v2\/media\/20915"}],"wp:attachment":[{"href":"https:\/\/proda.no\/en\/wp-json\/wp\/v2\/media?parent=20625"}],"wp:term":[{"taxonomy":"post_tag","embeddable":true,"href":"https:\/\/proda.no\/en\/wp-json\/wp\/v2\/tags?post=20625"},{"taxonomy":"tribe_events_cat","embeddable":true,"href":"https:\/\/proda.no\/en\/wp-json\/wp\/v2\/tribe_events_cat?post=20625"}],"curies":[{"name":"wp","href":"https:\/\/api.w.org\/{rel}","templated":true}]}}

<h1>Worskhop og fagsamtale</h1>
<p><strong>How to Solo – solo i samtale</strong></p>
<p>Onsdag 11. februar inviterer Dansens Hus og PRODA til «How to Solo» &#8211; et verksted med Tone Kittelsen. Etter verkstedet inviterer vi på lunsj og samtale med et knippe dansekunstnere som arbeider med solo-formatet på ulike måter.</p>
<p style="font-weight: 400;"><strong>Program for dagen:</strong></p>
<p>10.30 – 11.00 – Foajeen er åpen</p>
<p>11.00 – 13.00 – <i>How to Solo</i> på Hovedscenen</p>
<p>13.00 – 13.30 – Lunsj i foajeen</p>
<p>13.30 – 14.30 – <i>Solo i samtale</i> i foajeen</p>
<p>14.30 – 15.30 – Foajeen er åpen med mulighet for å henge og/eller jobbe</p>
<p data-pm-slice="1 1 []"><strong>Deltakelse på workshopen er gratis og inkluderer lunsj, men du må ta ut billett. Workshopen er fulltegnet, <a href="https://billetter.dansenshus.com/nb/buyingflow/tickets/43924/89887/?_gl=1*hr8ynm*_ga*NTE5NTU1MTIxLjE3Mjk3NzgyOTc.*_ga_BS9N6YE32P*czE3Njc4Njk5MzEkbzc5JGcwJHQxNzY3ODY5OTMxJGo2MCRsMCRoMA..">men du kan sette deg på venteliste!</a></strong></p>
<p>&nbsp;</p>
<p><strong>Lunsj og samtalen er derimot åpen &#8211; så bare å dukke opp i foajeen på Dansens Hus til 13.00 eller 13.30! </strong></p>
<p><a href="https://docs.google.com/forms/d/e/1FAIpQLScpBD76rKGIQKA-6wPW34Wm89N-JgoCc6v5yw7u89v3L_45lw/viewform" target="_blank" rel="noopener noreferrer nofollow"><strong>Ønsker du lunsj? Da må du registrere deg her!</strong></a></p>
<p>&nbsp;</p>
<p><strong>How to Solo</strong><br />
<i>How to Solo </i>er et konsept hvor vi tar for oss soloarbeid sammen, ledet av Tone Kittelsen. Konseptet tar utgangspunkt i hennes nysgjerrighet for soloformatet, og et ønske om å ha flere å dele egen praksis med. Vi jobber med den intuitive dansen, den som ikke kan planlegges, men som må få lov til å oppstå i og av seg selv.</p>
<p>I <i>How to Solo </i>jobber vi alene, men sammen. Soloen er den dansen du gjør alene, den som kommer fra deg selv og virker inn i eget og/eller andres arbeid. Det er et åpent rom hvor terskelen er lav for å jobbe foran hverandre og dele intuitive ideer.<strong> </strong></p>
<p>Under workshoppen er det et poeng at vi viser, tar eller danser ordet for hverandre. Vi øver på den spontane dansen, den vi ikke har øvd på, men som ligger der latent. Det som kommer der og da i øyeblikket. Vi øver oss på at dansen vår skal ta og få plass om den er ny, ferdig, halvferdig eller polert ved tanken. Den fysiske erfaringen kroppen vår besitter.</p>
<p><strong>Solo i samtale</strong><br />
Hva gjør at man velger å jobbe solo – er det et aktivt kunstnerisk valg eller en praktisk nødvendighet? Hvordan oppstår solodansen? Hvilke faktorer styrer og er avgjørende for å gå i gang med et soloarbeid?</p>
<p>Daltagere i samtalen er Tone Kittelsen og Steffi Lund. Med dansekunstnere som er godt kjent med soloformatet, vil de stille hverandre spørsmål og åpne for refleksjoner rundt det å jobbe med solo som uttrykksform. Vi samles i sirkel der publikum mot slutten av samtalen inviteres inn til å stille spørsmål og dele egne refleksjoner.</p>
<div class="performance-content">
<div class="mb-10">
<div class="">
<div class="text-block__content px-0 w-full max-w-full">
<p><strong>Tone Kittelsen</strong> kommer fra Kristiansand og jobber frilans som dansekunstner med base i Oslo. Kittelsen produserer og skaper egne forestillinger. Hun har produsert flere prosjekter som  blant annet har blitt vist på scener som Kristiansand Kunsthall, Sørlandets Kunstmuseum, Nasjonalmuseet, Dansens Hus og Bærum Kulturhus. Hennes verk kjennetegnes av en dyp utforskning av bevegelse, kroppens potensial og de emosjonelle landskapene som dans kan skape.</p>
<p>De siste årene har hun samarbeidet tett med Tori Wrånes og turnert nasjonalt og internasjonalt som en del av hennes team. Hun har medvirket i performancer som Sirkling, Ældgammel Baby, Naam Yai, Lips don´t cry og Garden of Lefthand. Kittelsen har også vært ansatt ved Den Norske Opera og Ballett som samtidsdanser i nyoppsetningen av Czardasfystinnen i 2022 og 2024.</p>
<p>I Kristiansand har hun vært med på å starte og drive festivalen Ravnedans siden oppstarten i 2009. Fra 2020 til 2023 var hun mottaker av Statens kunstnerstipend for nyetablerte kunstnere.</p>
</div>
</div>
</div>
</div>
<p>Foto: Sigrun Drivdal Johsen / Danseinformasjonen</p>
<p><strong>Steffi Lund</strong>, f. 1961. Fire års høyskoleutdanning i Ny Dans og koreografi ved Kunsthøyskolen<br />
i Amsterdam, avd. School for New Dance Development (SNDO), 1984-88. Innehaver av<br />
Statens arbeidsstipend for etablerte kunstnere. Initiert og driftet egne prosjekter siden 1989,<br />
med soloen som viktigste medium (har skapt rundt regnet tjuefem soloer, i tillegg til andre<br />
typer prosjekter). Skriver egne scenetekster (både poetiske og mer fortellende, stand up-<br />
aktige), jobber mye med stemme og i intimt ‘kammerformat’. Virker i grenselandet<br />
dans/teater/performance, ofte (alltid?) med skeiv innfallsvinkel. Arbeidene spenner fra det<br />
nitidig komponerte til det åpent improviserte. Liker å jobbe med komikk som virkemiddel, og<br />
med å utvikle fysiske karakterer. Etter som åra går har alder(dom) blitt et tema.</p>
