{"id":18593,"date":"2024-12-16T16:46:20","date_gmt":"2024-12-16T15:46:20","guid":{"rendered":"https:\/\/proda.no\/?post_type=tribe_events&#038;p=18593"},"modified":"2025-02-11T14:39:33","modified_gmt":"2025-02-11T13:39:33","slug":"workshop-med-la-veronal","status":"publish","type":"tribe_events","link":"https:\/\/proda.no\/en\/klasse\/workshop-med-la-veronal\/","title":{"rendered":"Workshop LA VERONAL UNIVERSE med \u00c0ngela Boix"},"content":{"rendered":"<p id=\"isPasted\"><strong>WORKSHOP MED \u00c0NGELA BOIX &#8211; LA VERONAL UNIVERSE:<br \/>\nP\u00e5melding <a href=\"https:\/\/www.letsreg.com\/no\/register\/workshoplaveronaluniverse_11022025011610#\/\">her.<\/a><\/strong><\/p>\n<p>I forbindelse med at La Veronal gjester B\u00e6rum Kulturhus med verket\u00a0<em>Firmamento<\/em>, arrangerer PRODA Oslo\u00a0i samarbeid med B\u00e6rum Kulturhus &#8211; Dans S\u00f8r\u00f8st-Norge, workshop p\u00e5 PRODA\/Rom for Dans.<br \/>\n\u00c0ngela Boix har arbeidet med La Veronal siden 2018 \u00e5r er ogs\u00e5 ut\u00f8ver i\u00a0<em>Firmamanto.<br \/>\n<\/em><br \/>\n<strong>WORKSHOP &#8211; LA VERONAL UNIVERSE:<\/strong><br \/>\nWorkshopen vil ta utgangspunkt i metoder og arbeidet til kompaniet og verket\u00a0<em>Firmamanto\u00a0<\/em><br \/>\n\u00c0ngela Boix beskriver workshopen slik:<\/p>\n<p>La Veronal proposes an introduction to our imaginary and to our dissociated and mechanical movement that has as well lots of theatricality in it.<\/p>\n<p>The different proposals we will work on, are based on being able to create, improvise and learn small movement cells and choreographic material. We wish to give the participants a new way to immerse themselves in our universe to continue discovering within it the infinite ways to move and express themselves with the body, music and space.<\/p>\n<p><strong>OM \u00c0NGELA BOIX:<\/strong><br \/>\n\u00c0ngela Boix er koreograf, danser, regiss\u00f8r og skuespiller\/performer. Hun er f\u00f8dt i Barcelona med utdannelse som samtidsdanser fra Institut del Teatre, med oppdrag som danser i ITDansa fra 2010. Videre dro hun til Nederland og arbeidet i kompanier som Noord Nederlandse Dans, og flyttet deretter til Wales og arbeidet med National Dance Company of Wales i fem \u00e5r.<br \/>\nI 2018 returnerte hun til Spania som freelance danser og har siden samarbeidet som danser med La Veronal.<\/p>\n<p>Boix tok i 2020 en utdannelse i audiovisuell showproduksjon og har de siste \u00e5rene, i tillegg til sitt koreografiske og ut\u00f8vende virke innen dans, arbeidet i den audiovisuelle sektoren som koreograf, bevegelsesregiss\u00f8r, skuespillerinne eller rollebesetning-assistent. Se reel av Angela Boix mangefassetterte virke\u00a0<a href=\"https:\/\/angelaboix.wixsite.com\/reel\">her.<\/a><\/p>\n<p><strong>OM LA VERONAL:<\/strong><br id=\"isPasted\" \/>La Veronal ledes av Marcos Moreau og kompaniet har erobret de st\u00f8rste scenene, fra Chaillot National Dance Theatre til festival d&#8217;Avignon. I verket Firmamento tar de utgangspunkt i ungdommens hjerte gjennom en fascinerende blanding av dans, teater og musikk. Les mer om Firmamanto og se trailer\u00a0<a href=\"https:\/\/www.baerumkulturhus.no\/arrangement\/la-veronal--firmamento\/\">her.<\/a><\/p>\n<ul id=\"isPasted\" type=\"disc\">\n<li><em><strong>Kursdeltakere f\u00e5r tilbud om billett til kr. 175,- til\u00a0Firmamento\u00a0av La Veronal 4. april kl. 19.00.<br \/>\nKontakt Benedicte Marie Bjerke p\u00e5 B\u00e6rum Kulturhus &#8211; Dans S\u00f8r\u00f8st-Norge for billettlink.<\/strong><\/em><\/li>\n<\/ul>\n<p>Pris for workshop: kr 175,-<br id=\"isPasted\" \/>Workshopen krever p\u00e5melding og p\u00e5melding er bindende.<br \/>\nP\u00e5melding <a href=\"https:\/\/www.letsreg.com\/no\/register\/workshoplaveronaluniverse_11022025011610#\/\">her.<\/a><\/p>\n<p>Foto: Firmamento<\/p>","protected":false},"excerpt":{"rendered":"<p>WORKSHOP MED \u00c0NGELA BOIX &#8211; LA VERONAL UNIVERSE: P\u00e5melding her. I forbindelse med at La Veronal gjester B\u00e6rum Kulturhus med verket\u00a0Firmamento, arrangerer PRODA Oslo\u00a0i samarbeid med B\u00e6rum Kulturhus &#8211; Dans&#8230;<\/p>","protected":false},"author":15,"featured_media":18596,"template":"","meta":{"_acf_changed":false,"_tribe_events_status":"","_tribe_events_status_reason":"","_tribe_events_is_hybrid":"","_tribe_events_is_virtual":"","_tribe_events_virtual_video_source":"","_tribe_events_virtual_embed_video":"","_tribe_events_virtual_linked_button_text":"","_tribe_events_virtual_linked_button":"","_tribe_events_virtual_show_embed_at":"","_tribe_events_virtual_show_embed_to":[],"_tribe_events_virtual_show_on_event":"","_tribe_events_virtual_show_on_views":"","_tribe_events_virtual_url":"","footnotes":""},"tags":[],"tribe_events_cat":[53],"class_list":["post-18593","tribe_events","type-tribe_events","status-publish","has-post-thumbnail","hentry","tribe_events_cat-workshops","cat_workshops"],"acf":[],"_links":{"self":[{"href":"https:\/\/proda.no\/en\/wp-json\/wp\/v2\/tribe_events\/18593","targetHints":{"allow":["GET"]}}],"collection":[{"href":"https:\/\/proda.no\/en\/wp-json\/wp\/v2\/tribe_events"}],"about":[{"href":"https:\/\/proda.no\/en\/wp-json\/wp\/v2\/types\/tribe_events"}],"author":[{"embeddable":true,"href":"https:\/\/proda.no\/en\/wp-json\/wp\/v2\/users\/15"}],"version-history":[{"count":6,"href":"https:\/\/proda.no\/en\/wp-json\/wp\/v2\/tribe_events\/18593\/revisions"}],"predecessor-version":[{"id":18739,"href":"https:\/\/proda.no\/en\/wp-json\/wp\/v2\/tribe_events\/18593\/revisions\/18739"}],"wp:featuredmedia":[{"embeddable":true,"href":"https:\/\/proda.no\/en\/wp-json\/wp\/v2\/media\/18596"}],"wp:attachment":[{"href":"https:\/\/proda.no\/en\/wp-json\/wp\/v2\/media?parent=18593"}],"wp:term":[{"taxonomy":"post_tag","embeddable":true,"href":"https:\/\/proda.no\/en\/wp-json\/wp\/v2\/tags?post=18593"},{"taxonomy":"tribe_events_cat","embeddable":true,"href":"https:\/\/proda.no\/en\/wp-json\/wp\/v2\/tribe_events_cat?post=18593"}],"curies":[{"name":"wp","href":"https:\/\/api.w.org\/{rel}","templated":true}]}}

Workshop LA VERONAL UNIVERSE med Àngela Boix

<p id="isPasted"><strong>WORKSHOP MED ÀNGELA BOIX &#8211; LA VERONAL UNIVERSE:<br />
Påmelding <a href="https://www.letsreg.com/no/register/workshoplaveronaluniverse_11022025011610#/">her.</a></strong></p>
<p>I forbindelse med at La Veronal gjester Bærum Kulturhus med verket <em>Firmamento</em>, arrangerer PRODA Oslo i samarbeid med Bærum Kulturhus &#8211; Dans Sørøst-Norge, workshop på PRODA/Rom for Dans.<br />
Àngela Boix har arbeidet med La Veronal siden 2018 år er også utøver i <em>Firmamanto.<br />
</em><br />
<strong>WORKSHOP &#8211; LA VERONAL UNIVERSE:</strong><br />
Workshopen vil ta utgangspunkt i metoder og arbeidet til kompaniet og verket <em>Firmamanto </em><br />
Àngela Boix beskriver workshopen slik:</p>
<p>La Veronal proposes an introduction to our imaginary and to our dissociated and mechanical movement that has as well lots of theatricality in it.</p>
<p>The different proposals we will work on, are based on being able to create, improvise and learn small movement cells and choreographic material. We wish to give the participants a new way to immerse themselves in our universe to continue discovering within it the infinite ways to move and express themselves with the body, music and space.</p>
<p><strong>OM ÀNGELA BOIX:</strong><br />
Àngela Boix er koreograf, danser, regissør og skuespiller/performer. Hun er født i Barcelona med utdannelse som samtidsdanser fra Institut del Teatre, med oppdrag som danser i ITDansa fra 2010. Videre dro hun til Nederland og arbeidet i kompanier som Noord Nederlandse Dans, og flyttet deretter til Wales og arbeidet med National Dance Company of Wales i fem år.<br />
I 2018 returnerte hun til Spania som freelance danser og har siden samarbeidet som danser med La Veronal.</p>
<p>Boix tok i 2020 en utdannelse i audiovisuell showproduksjon og har de siste årene, i tillegg til sitt koreografiske og utøvende virke innen dans, arbeidet i den audiovisuelle sektoren som koreograf, bevegelsesregissør, skuespillerinne eller rollebesetning-assistent. Se reel av Angela Boix mangefassetterte virke <a href="https://angelaboix.wixsite.com/reel">her.</a></p>
<p><strong>OM LA VERONAL:</strong><br id="isPasted" />La Veronal ledes av Marcos Moreau og kompaniet har erobret de største scenene, fra Chaillot National Dance Theatre til festival d&#8217;Avignon. I verket Firmamento tar de utgangspunkt i ungdommens hjerte gjennom en fascinerende blanding av dans, teater og musikk. Les mer om Firmamanto og se trailer <a href="https://www.baerumkulturhus.no/arrangement/la-veronal--firmamento/">her.</a></p>
<ul id="isPasted" type="disc">
<li><em><strong>Kursdeltakere får tilbud om billett til kr. 175,- til Firmamento av La Veronal 4. april kl. 19.00.<br />
Kontakt Benedicte Marie Bjerke på Bærum Kulturhus &#8211; Dans Sørøst-Norge for billettlink.</strong></em></li>
</ul>
<p>Pris for workshop: kr 175,-<br id="isPasted" />Workshopen krever påmelding og påmelding er bindende.<br />
Påmelding <a href="https://www.letsreg.com/no/register/workshoplaveronaluniverse_11022025011610#/">her.</a></p>
<p>Foto: Firmamento</p>

<p>WORKSHOP MED ÀNGELA BOIX &#8211; LA VERONAL UNIVERSE: Påmelding her. I forbindelse med at La Veronal gjester Bærum Kulturhus med verket Firmamento, arrangerer PRODA Oslo i samarbeid med Bærum Kulturhus &#8211; Dans&#8230;</p>
