{"id":14267,"date":"2023-02-02T01:10:22","date_gmt":"2023-02-02T00:10:22","guid":{"rendered":"https:\/\/proda.no\/?post_type=tribe_events&#038;p=14267"},"modified":"2023-02-21T11:21:45","modified_gmt":"2023-02-21T10:21:45","slug":"steppdansworkshop","status":"publish","type":"tribe_events","link":"https:\/\/proda.no\/en\/klasse\/steppdansworkshop\/","title":{"rendered":"Steppdansworkshop"},"content":{"rendered":"<p>med Anneli Moe, Janne Eraker og H\u00e5kon Sigernes<br \/>1 dag \u2013 3 klasser \u2013 3 pedagoger &#8211; 3,5 timers steppintensiv &#8211; samtale om steppdansscenen \u00a0 <br \/><br \/><br \/>I samarbeid med Musikkteaterforum i Creo arrangerer PRODA igjen Steppdansworkshop med tre av v\u00e5re ledende steppdansere. Du f\u00e5r mulighet for en steppintensiv med hele 3,5 timer steppdans i l\u00f8pet av \u00e9n dag, samt en oppdaterende samtale om hva som r\u00f8rer seg p\u00e5 steppdansscenen i Europa og USA. \u00a0 <br \/><br \/><strong><!-- \/wp:post-content -->\r\n\r\n<!-- wp:paragraph --><\/strong> Klassene deles inn i to niv\u00e5er: Niv\u00e5 1 og Niv\u00e5 2 <br \/>Niv\u00e5ene g\u00e5r parallelt slik at alle uansett niv\u00e5 vil f\u00e5 klasser med alle de tre kursholderne. <br \/><br \/><strong><!-- \/wp:paragraph -->\r\n\r\n<!-- wp:list --><\/strong> \u2022 Niv\u00e5 1 &#8211; for dem med mindre erfaring med steppdans. Hovedfokuset vil v\u00e6re grunnleggende teknikk og stepptrinn, og det vil jobbes med \u00e5 bygge et solid steppteknisk grunnlag. <br \/>\u2022 Niv\u00e5 2 &#8211; for dem som har trent en del stepp tidligere. Det vil jobbes med koreografisk materiale, slik at fokuset for klassen blir \u00e5 innstudere en koreografi. \u00a0<\/p>\r\n<p>&nbsp;<\/p>\r\n<p><strong><!-- \/wp:list -->\r\n\r\n<!-- wp:paragraph --><\/strong><\/p>\r\n<figure class=\"wp-block-table\">\r\n<table>\r\n<tbody>\r\n<tr>\r\n<td><strong>Klokkeslett<\/strong><\/td>\r\n<td><strong>Pedagog<\/strong><\/td>\r\n<td><strong>Niv<\/strong><strong>\u00e5<\/strong><\/td>\r\n<\/tr>\r\n<tr>\r\n<td>10.00 \u2013 11.10<\/td>\r\n<td>\u00a0Annelie Moe<\/td>\r\n<td>\u00a0Niv\u00e5 2<\/td>\r\n<\/tr>\r\n<tr>\r\n<td>10.00 \u2013 11.10<\/td>\r\n<td>\u00a0H\u00e5kon Sigernes<\/td>\r\n<td>\u00a0Niv\u00e5 1<\/td>\r\n<\/tr>\r\n<tr>\r\n<td>11.10 \u2013 11.20<\/td>\r\n<td>Pause<\/td>\r\n<td>\u00a0<\/td>\r\n<\/tr>\r\n<tr>\r\n<td>11.20 \u2013 12.30<\/td>\r\n<td>\u00a0Janne Eraker<\/td>\r\n<td>\u00a0Niv\u00e5 1<\/td>\r\n<\/tr>\r\n<tr>\r\n<td>11.20 \u2013 12.30<\/td>\r\n<td>\u00a0H\u00e5kon Sigernes<\/td>\r\n<td>\u00a0Niv\u00e5 2<\/td>\r\n<\/tr>\r\n<tr>\r\n<td>12.30 \u2013 13.00<\/td>\r\n<td>Lunch<\/td>\r\n<td>\u00a0<\/td>\r\n<\/tr>\r\n<tr>\r\n<td>13.00 \u2013 13.45<\/td>\r\n<td>Felles samtale<\/td>\r\n<td>Alle samlet<\/td>\r\n<\/tr>\r\n<tr>\r\n<td>13.45 \u2013 14.00<\/td>\r\n<td>Pause<\/td>\r\n<td>\u00a0<\/td>\r\n<\/tr>\r\n<tr>\r\n<td>14.00 \u2013 15.10<\/td>\r\n<td>Anneli Moe<\/td>\r\n<td>\u00a0Niv\u00e5 1<\/td>\r\n<\/tr>\r\n<tr>\r\n<td>14.00 \u2013 15.10<\/td>\r\n<td>Janne Eraker<\/td>\r\n<td>\u00a0Niv\u00e5 2<\/td>\r\n<\/tr>\r\n<\/tbody>\r\n<\/table>\r\n\u00a0<\/figure>\r\n<p>&nbsp;<\/p>\r\n<p><strong>Dato\/tid:<\/strong>\u00a0 7. mai 2023\u00a0 kl.<strong>\u00a0<\/strong>10.00 \u2013 15.30<\/p>\r\n<p><strong>Place\/city<\/strong>: West End Studios, Stavangergata 42, 0467 Oslo. <br \/><strong>Pris for MTF\/Creo\/PRODA:\u00a0<\/strong>kr. 250,- <br \/><strong>Pris for andre:<\/strong> kr. 550,- <br \/><strong>Max antall: <\/strong>15 p\u00e5 Niv\u00e5 1 \/ 20 p\u00e5 Niv\u00e5 2 <br \/><strong>P\u00e5melding her<\/strong> &#8211;<a href=\"https:\/\/www.deltager.no\/register\/#\/Steppdansworkshop_1676245797\"> deltager.no \u00a0<\/a> <br \/>P\u00e5melding er bindende. Kursavgift blir ikke refundert ved avmelding.<\/p>\r\n<p>&nbsp;<\/p>\r\n<p><br \/><strong>Om kursholderne:<\/strong> <br \/><strong><!-- \/wp:paragraph -->\r\n\r\n<!-- wp:heading --><\/strong> <strong><!-- \/wp:heading -->\r\n\r\n<!-- wp:paragraph --><\/strong> <br \/><strong>H<\/strong><strong>\u00e5<\/strong><strong>kon Sigernes<\/strong>\u00a0er utdannet ved Millennium Performing Arts og Guildford\u00a0Conservatoire i London, og er ansatt i Skuespiller- og danseralliansen.\u00a0H\u00e5kon har startet kompaniet Steppoetene, som turnerer i DKS med forestillingen\u00a0<em>Stepp meg et Dikt<\/em>. I steppdanskollektivet Stepperiet jobber han med improvisasjon sammen med Janne Eraker og flere profesjonelle steppdansere og improvisasjonsmusikere. H\u00e5kon\u00a0hadde steppekoreografien p\u00e5 Singin\u2019 In the Rain p\u00e5 Folketeateret i 2017. I tillegg\u00a0har H\u00e5kon lang erfaring som steppdanspedagog ved bl.a. MTF, B\u00e5rdar Akademiet,\u00a0Musikkteaterh\u00f8yskolen og Tickletoes.\u00a0H\u00e5kon har medvirket i musikalproduksjoner som Les Mis\u00e9rables, Mary Poppins, De tre musketerer, Annie, My Fair Lady, Spamalot, Hair, Chicago, The Producers, A Chorus Line og Cats. <br \/><br \/><strong><!-- \/wp:paragraph -->\r\n\r\n<!-- wp:paragraph --><\/strong> <strong>Janne Eraker<\/strong><span id=\"m_-4080360103452310874docs-internal-guid-5fa75a5b-7fff-93c7-5f02-b12a2d028602\">\u00a0er en steppdanser basert i Norge, aktuell med solo-albumet Movements for Listening i hele 2023. Hennes r\u00f8tter er p\u00e5 flere steder: f\u00f8dt i Tyskland, oppvokst i Norge, utdannet og stiftet familie i Nederland. Dansen hennes har ogs\u00e5 mange r\u00f8tter; fra Balkansk folkedans, innom konkurransedansing, musikaler, til studier i samtids- og moderne dans, og n\u00e5 steppdans. Janne er fascinert av steppdansens klang, og har lenge brukt den til \u00e5 lage musikk. Hennes arbeid spenner fra improviserte konserter til koreograferte forestillinger, og hun samarbeider med kunstnere fra mange felt. I 2022 ga hun ut sitt f\u00f8rste album Gol Variations med trioen One Small Step. Hun danser ogs\u00e5 i Sebastian Weber Dance Company, basert i Tyskland. I tillegg driver <\/span>Janne Dansens Haus, et studio for dansekunstnere fra det frie feltet i Oslo. \u00a0 <br \/><br \/><strong><!-- \/wp:paragraph -->\r\n\r\n<!-- wp:paragraph --><\/strong> <strong>Anneli Moe <\/strong>har jobbet som profesjonell steppdanser i en \u00e5rrekke, b\u00e5de i inn- og utland. Som ut\u00f8vende scenekunstner i samarbeid med forskjellige musikere og artister, men ogs\u00e5 med sitt nye kompani Oslo Tap Crew, som er en satsning p\u00e5 nye, unge talenter. Hun arbeider ogs\u00e5 som skapende scenekunstner, blant annet som steppdanskoreograf for flere av de norske teatrenes musikaloppsetninger. Hun jobber ogs\u00e5 som fagl\u00e6rer i steppdans ved Fagskolen Kristiania, avdeling B\u00e5rdar. Annelis langsiktige m\u00e5l er \u00e5 l\u00f8fte kunnskap og kompetanse om steppdans i kulturbransjen og blant dagens unge dansere, slik at steppdans som fag og kunstform til st\u00f8rre grad kommer til sin rett.<\/p>","protected":false},"excerpt":{"rendered":"<p>med Anneli Moe, Janne Eraker og H\u00e5kon Sigernes1 dag \u2013 3 klasser \u2013 3 pedagoger &#8211; 3,5 timers steppintensiv &#8211; samtale om steppdansscenen \u00a0 I samarbeid med Musikkteaterforum i Creo&#8230;<\/p>","protected":false},"author":15,"featured_media":14274,"template":"","meta":{"_acf_changed":false,"_tribe_events_status":"","_tribe_events_status_reason":"","_tribe_events_is_hybrid":"","_tribe_events_is_virtual":"","_tribe_events_virtual_video_source":"","_tribe_events_virtual_embed_video":"","_tribe_events_virtual_linked_button_text":"","_tribe_events_virtual_linked_button":"","_tribe_events_virtual_show_embed_at":"","_tribe_events_virtual_show_embed_to":[],"_tribe_events_virtual_show_on_event":"","_tribe_events_virtual_show_on_views":"","_tribe_events_virtual_url":"","footnotes":""},"tags":[],"tribe_events_cat":[53],"class_list":["post-14267","tribe_events","type-tribe_events","status-publish","has-post-thumbnail","hentry","tribe_events_cat-workshops","cat_workshops"],"acf":[],"_links":{"self":[{"href":"https:\/\/proda.no\/en\/wp-json\/wp\/v2\/tribe_events\/14267","targetHints":{"allow":["GET"]}}],"collection":[{"href":"https:\/\/proda.no\/en\/wp-json\/wp\/v2\/tribe_events"}],"about":[{"href":"https:\/\/proda.no\/en\/wp-json\/wp\/v2\/types\/tribe_events"}],"author":[{"embeddable":true,"href":"https:\/\/proda.no\/en\/wp-json\/wp\/v2\/users\/15"}],"version-history":[{"count":9,"href":"https:\/\/proda.no\/en\/wp-json\/wp\/v2\/tribe_events\/14267\/revisions"}],"predecessor-version":[{"id":14353,"href":"https:\/\/proda.no\/en\/wp-json\/wp\/v2\/tribe_events\/14267\/revisions\/14353"}],"wp:featuredmedia":[{"embeddable":true,"href":"https:\/\/proda.no\/en\/wp-json\/wp\/v2\/media\/14274"}],"wp:attachment":[{"href":"https:\/\/proda.no\/en\/wp-json\/wp\/v2\/media?parent=14267"}],"wp:term":[{"taxonomy":"post_tag","embeddable":true,"href":"https:\/\/proda.no\/en\/wp-json\/wp\/v2\/tags?post=14267"},{"taxonomy":"tribe_events_cat","embeddable":true,"href":"https:\/\/proda.no\/en\/wp-json\/wp\/v2\/tribe_events_cat?post=14267"}],"curies":[{"name":"wp","href":"https:\/\/api.w.org\/{rel}","templated":true}]}}

<p>med Anneli Moe, Janne Eraker og Håkon Sigernes<br />1 dag – 3 klasser – 3 pedagoger &#8211; 3,5 timers steppintensiv &#8211; samtale om steppdansscenen   <br /><br /><br />I samarbeid med Musikkteaterforum i Creo arrangerer PRODA igjen Steppdansworkshop med tre av våre ledende steppdansere. Du får mulighet for en steppintensiv med hele 3,5 timer steppdans i løpet av én dag, samt en oppdaterende samtale om hva som rører seg på steppdansscenen i Europa og USA.   <br /><br /><strong><!-- /wp:post-content -->

<!-- wp:paragraph --></strong> Klassene deles inn i to nivåer: Nivå 1 og Nivå 2 <br />Nivåene går parallelt slik at alle uansett nivå vil få klasser med alle de tre kursholderne. <br /><br /><strong><!-- /wp:paragraph -->

<!-- wp:list --></strong> • Nivå 1 &#8211; for dem med mindre erfaring med steppdans. Hovedfokuset vil være grunnleggende teknikk og stepptrinn, og det vil jobbes med å bygge et solid steppteknisk grunnlag. <br />• Nivå 2 &#8211; for dem som har trent en del stepp tidligere. Det vil jobbes med koreografisk materiale, slik at fokuset for klassen blir å innstudere en koreografi.  </p>
<p>&nbsp;</p>
<p><strong><!-- /wp:list -->

<!-- wp:paragraph --></strong></p>
<figure class="wp-block-table">
<table>
<tbody>
<tr>
<td><strong>Klokkeslett</strong></td>
<td><strong>Pedagog</strong></td>
<td><strong>Niv</strong><strong>å</strong></td>
</tr>
<tr>
<td>10.00 – 11.10</td>
<td> Annelie Moe</td>
<td> Nivå 2</td>
</tr>
<tr>
<td>10.00 – 11.10</td>
<td> Håkon Sigernes</td>
<td> Nivå 1</td>
</tr>
<tr>
<td>11.10 – 11.20</td>
<td>Pause</td>
<td> </td>
</tr>
<tr>
<td>11.20 – 12.30</td>
<td> Janne Eraker</td>
<td> Nivå 1</td>
</tr>
<tr>
<td>11.20 – 12.30</td>
<td> Håkon Sigernes</td>
<td> Nivå 2</td>
</tr>
<tr>
<td>12.30 – 13.00</td>
<td>Lunch</td>
<td> </td>
</tr>
<tr>
<td>13.00 – 13.45</td>
<td>Felles samtale</td>
<td>Alle samlet</td>
</tr>
<tr>
<td>13.45 – 14.00</td>
<td>Pause</td>
<td> </td>
</tr>
<tr>
<td>14.00 – 15.10</td>
<td>Anneli Moe</td>
<td> Nivå 1</td>
</tr>
<tr>
<td>14.00 – 15.10</td>
<td>Janne Eraker</td>
<td> Nivå 2</td>
</tr>
</tbody>
</table>
 </figure>
<p>&nbsp;</p>
<p><strong>Dato/tid:</strong>  7. mai 2023  kl.<strong> </strong>10.00 – 15.30</p>
<p><strong>Place/city</strong>: West End Studios, Stavangergata 42, 0467 Oslo. <br /><strong>Pris for MTF/Creo/PRODA: </strong>kr. 250,- <br /><strong>Pris for andre:</strong> kr. 550,- <br /><strong>Max antall: </strong>15 på Nivå 1 / 20 på Nivå 2 <br /><strong>Påmelding her</strong> &#8211;<a href="https://www.deltager.no/register/#/Steppdansworkshop_1676245797"> deltager.no  </a> <br />Påmelding er bindende. Kursavgift blir ikke refundert ved avmelding.</p>
<p>&nbsp;</p>
<p><br /><strong>Om kursholderne:</strong> <br /><strong><!-- /wp:paragraph -->

<!-- wp:heading --></strong> <strong><!-- /wp:heading -->

<!-- wp:paragraph --></strong> <br /><strong>H</strong><strong>å</strong><strong>kon Sigernes</strong> er utdannet ved Millennium Performing Arts og Guildford Conservatoire i London, og er ansatt i Skuespiller- og danseralliansen. Håkon har startet kompaniet Steppoetene, som turnerer i DKS med forestillingen <em>Stepp meg et Dikt</em>. I steppdanskollektivet Stepperiet jobber han med improvisasjon sammen med Janne Eraker og flere profesjonelle steppdansere og improvisasjonsmusikere. Håkon hadde steppekoreografien på Singin’ In the Rain på Folketeateret i 2017. I tillegg har Håkon lang erfaring som steppdanspedagog ved bl.a. MTF, Bårdar Akademiet, Musikkteaterhøyskolen og Tickletoes. Håkon har medvirket i musikalproduksjoner som Les Misérables, Mary Poppins, De tre musketerer, Annie, My Fair Lady, Spamalot, Hair, Chicago, The Producers, A Chorus Line og Cats. <br /><br /><strong><!-- /wp:paragraph -->

<!-- wp:paragraph --></strong> <strong>Janne Eraker</strong><span id="m_-4080360103452310874docs-internal-guid-5fa75a5b-7fff-93c7-5f02-b12a2d028602"> er en steppdanser basert i Norge, aktuell med solo-albumet Movements for Listening i hele 2023. Hennes røtter er på flere steder: født i Tyskland, oppvokst i Norge, utdannet og stiftet familie i Nederland. Dansen hennes har også mange røtter; fra Balkansk folkedans, innom konkurransedansing, musikaler, til studier i samtids- og moderne dans, og nå steppdans. Janne er fascinert av steppdansens klang, og har lenge brukt den til å lage musikk. Hennes arbeid spenner fra improviserte konserter til koreograferte forestillinger, og hun samarbeider med kunstnere fra mange felt. I 2022 ga hun ut sitt første album Gol Variations med trioen One Small Step. Hun danser også i Sebastian Weber Dance Company, basert i Tyskland. I tillegg driver </span>Janne Dansens Haus, et studio for dansekunstnere fra det frie feltet i Oslo.   <br /><br /><strong><!-- /wp:paragraph -->

<!-- wp:paragraph --></strong> <strong>Anneli Moe </strong>har jobbet som profesjonell steppdanser i en årrekke, både i inn- og utland. Som utøvende scenekunstner i samarbeid med forskjellige musikere og artister, men også med sitt nye kompani Oslo Tap Crew, som er en satsning på nye, unge talenter. Hun arbeider også som skapende scenekunstner, blant annet som steppdanskoreograf for flere av de norske teatrenes musikaloppsetninger. Hun jobber også som faglærer i steppdans ved Fagskolen Kristiania, avdeling Bårdar. Annelis langsiktige mål er å løfte kunnskap og kompetanse om steppdans i kulturbransjen og blant dagens unge dansere, slik at steppdans som fag og kunstform til større grad kommer til sin rett.</p>

<p>med Anneli Moe, Janne Eraker og Håkon Sigernes1 dag – 3 klasser – 3 pedagoger &#8211; 3,5 timers steppintensiv &#8211; samtale om steppdansscenen   I samarbeid med Musikkteaterforum i Creo&#8230;</p>
