{"id":13961,"date":"2023-02-12T22:56:31","date_gmt":"2023-02-12T21:56:31","guid":{"rendered":"https:\/\/proda.no\/?post_type=tribe_events&#038;p=13961"},"modified":"2023-06-08T15:25:02","modified_gmt":"2023-06-08T13:25:02","slug":"workshop-1-og-2-oslo-jazzdansefestival","status":"publish","type":"tribe_events","link":"https:\/\/proda.no\/en\/klasse\/workshop-1-og-2-oslo-jazzdansefestival\/","title":{"rendered":"Oslo Jazzdansfestival &#8211; 2 x Workshop  &#038; Panelsamtale"},"content":{"rendered":"<p><strong>med Radix\/Silje Olava Bakken og Sarjo Sankareh<\/strong><\/p>\n<p><strong><br \/>\nWorkshop 1:<\/strong>\u00a0 \u00a0 \u00a0Kl. 10:00 &#8211; 11:30\u00a0 \u00a0<a href=\"https:\/\/tikkio.com\/tickets\/37049-oslo-jazzdansfestival-2023-ojdfproda-workshop-1506-kl-1000\">Silje Olava Bakken\/Radix Dance Crew<\/a><br \/>\n<strong>Workshop 2:<\/strong>\u00a0 \u00a0 \u00a0Kl. 12:00 -13:30\u00a0 \u00a0 <a href=\"https:\/\/tikkio.com\/tickets\/37050-oslo-jazzdansfestival-2023-ojdfproda-workshop-1506-kl-1200\">Sarjo Sankareh<\/a><br \/>\n<strong>Panelsamtale:<\/strong>\u00a0 Kl. 14:00 &#8211; 15:15 \u00a0 <a href=\"https:\/\/tikkio.com\/tickets\/37051-oslo-jazzdansfestival-2023-ojdfproda-panelsamtale-1506-kl-1400-duplisert\">Med Silje Olava Bakken\/Radix, Sarjo Sankareh<\/a><\/p>\n<p>Sted: Scenehuset<br \/>\nBegge workshops er \u00e5pne for alle som kan f\u00f8lge en klasse p\u00e5 et godt \u00f8vet niv\u00e5.<\/p>\n<p><strong>P\u00e5melding kreves! PRODA-brukere f\u00e5r rabatterte priser p\u00e5 deltageravgift:<\/strong><br \/>\nWorkshop: kr 110 (inkluderer <span class=\"x193iq5w xeuugli x13faqbe x1vvkbs xlh3980 xvmahel x1n0sxbx x1lliihq x1s928wv xhkezso x1gmr53x x1cpjm7i x1fgarty x1943h6x xudqn12 x3x7a5m x6prxxf xvq8zen xo1l8bm xzsf02u\" dir=\"auto\">tilgang til panelsamtale)<\/span><br \/>\nPanelsamtale: kr 55<br \/>\nPRODA-pakke (2 workshops + panelsamtale): kr 160 &#8211; <a href=\"https:\/\/tikkio.com\/tickets\/37052-oslo-jazzdansfestival-2023-proda-pakke-1506\">billett her<\/a><\/p>\n<p>Alle billetter til festivalen finner du <a href=\"https:\/\/tikkio.com\/organizer\/10640-oslo-jazzdansfestival\">here<\/a>.<\/p>\n<p><strong>Workshopene:<\/strong><br \/>\nSilje Olava Bakken\/Radix og Sarjo Sankareh er OJDFs hovedakt\u00f8rer og vil holde hver sin workshop p\u00e5 Scenehuset.<br \/>\nDe vil dele av sine erfaringer som koreografer og ut\u00f8vere og spesielt rette oppmerksomheten mot deres nyeste verk som vises p\u00e5 festivalen. Under f\u00f8lger beskrivelse av verkene til Radix\/Silje Olava Bakken og Sarjo Sankareh som vil v\u00e6re utgangspunkt for workshopene.<\/p>\n<p>NB: Innesko med flat s\u00e5le anbefales for workshopen kl. 10:00.<br \/>\nVi starter presis &#8211; m\u00f8t opp i god tid. Det vil v\u00e6re \u00e5pent 30 minutter f\u00f8r.<\/p>\n<p><strong>Silje Olava Bakken\/ Radix &#8211; &laquo;The Ground&raquo;<\/strong><br \/>\nUt\u00f8verne i Radix tar i verket &laquo;The Ground&raquo; for seg frav\u00e6r av lekenhet og fremvekst av press og alvor i voksenlivet. \u00d8konomiske rammer og rollemodeller i media gj\u00f8r leken stadig mindre tilstedev\u00e6rende. Dansen og musikken kan imidlertid fungere som en portal for frigj\u00f8ring og samtidig som en arena for formidling. Ved hjelp av hip-hop kulturens freestyle og dynamiske samspill med en tilstedev\u00e6rende DJ leker ut\u00f8verne seg gjennom &laquo;The Playground&raquo;. I andre del, &laquo;The Underground&raquo;, tar de begrensende rammene overh\u00e5nd og leken kommer i bakgrunn. I siste del, &laquo;The Common Ground&raquo;, utforsker ut\u00f8verne balanseganger mellom de foreg\u00e5ende ytterpunktene.<\/p>\n<p><strong>Sarjo Sankareh &#8211; &laquo;Ginga-Life is Rhythm&raquo;<br \/>\n<\/strong>I dette verket brukes capoeira og begrepet \u00abach\u00e9\u00bb som utgangspunkt for utforskning av bevegelser og sinnsstemninger. Ach\u00e9 viser til hvert individs unike energi og kraft som igjen akkumuleres kollektivt for \u00e5 skape en tilstand av harmoni. B\u00e5de rytme, lyd og bevegelse utforskes og skapes av danserne i en sirkelformasjon der ogs\u00e5 energien fra publikum tas opp. Ginga viser til det \u00e5 svinge eller gynge og dette korrelerer med jazzdansens bevegelseskvaliteter. Capoeira og jazzdans har i tillegg historiske fellestrekk i form av undertrykkelse, sosialisering og scenisk avansement. Den sceniske ivaretakelsen av capoeira og jazzdans kan derfor fungere som b\u00e5de motstandskraft og kulturell kontinuitet.<br \/>\nSankareh tar i dette verket utgangspunkt i sin masteroppgave i dansevitenskap fra NTNU.<strong><br \/>\n<\/strong><\/p>\n<p><strong><br \/>\nPanelsamtale &#8211; Dans og musikk i dialog<br \/>\n<\/strong>En fellesnevner mellom \u00e5rets to hovedut\u00f8vere er hvordan de skaper dansen i et samspill med musikken. Radix, representert ved Silje Olava Bakken, har med seg en DJ i studio og p\u00e5 scenen. Sarjo Sankareh har med seg to dansere som ogs\u00e5 er musikere. I utviklingen av deres respektive verk foreg\u00e5r det s\u00e5ledes et kontinuerlig samspill mellom dansere og musikere: danserne lar seg inspirere av musikken, og musikerne lar seg inspirere av dansen. Historisk sett var dette ogs\u00e5 viktig i forhold til jazzdansens opphav, der jazzmusikere og jazzdansere kommuniserte om \u00e5 skape et felles musikalsk og estetisk uttrykk. I den moderne utvikligen av jazzdans har ofte avspilling av ferdig produsert musikk blitt benyttet i studio og p\u00e5 scene. Vi er derfor interessert i \u00e5 h\u00f8re mer fra v\u00e5re paneldeltakere om hvorfor og hvordan de utvikler dans og musikk i fellesskap og hvordan de relaterer dette til jazzdansens opprinnelse. Hvilken vei g\u00e5r jazzdans i v\u00e5r samtid? Foreg\u00e5r det en utvikling mot mer samspill mellom musikk og dans? Er dette noe som ettersp\u00f8rres ved ulike scenekunstinstitusjoner?<\/p>\n<p>Medvirkende: Sarjo Sankareh (danser og koreograf), Silje Olava Bakken (danser og koreograf), Michelle Flagstad (daglig leder i PRODA). Samtalen modereres av Ingvild Vaagsether og Natalie Dahl.<\/p>\n<p>Workshopene og panelsamtale er arrangert av OJDF<br \/>\nPRODA er co-arrang\u00f8r.<\/p>\n<p>&nbsp;<\/p>\n<p>Foto 1: Mikael Ortenheim<br \/>\nFoto 2: Marius Krohn-Hauglie<\/p>","protected":false},"excerpt":{"rendered":"<p>med Radix\/Silje Olava Bakken og Sarjo Sankareh Workshop 1:\u00a0 \u00a0 \u00a0Kl. 10:00 &#8211; 11:30\u00a0 \u00a0Silje Olava Bakken\/Radix Dance Crew Workshop 2:\u00a0 \u00a0 \u00a0Kl. 12:00 -13:30\u00a0 \u00a0 Sarjo Sankareh Panelsamtale:\u00a0 Kl&#8230;.<\/p>","protected":false},"author":15,"featured_media":14377,"template":"","meta":{"_acf_changed":false,"_tribe_events_status":"","_tribe_events_status_reason":"","_tribe_events_is_hybrid":"","_tribe_events_is_virtual":"","_tribe_events_virtual_video_source":"","_tribe_events_virtual_embed_video":"","_tribe_events_virtual_linked_button_text":"","_tribe_events_virtual_linked_button":"","_tribe_events_virtual_show_embed_at":"","_tribe_events_virtual_show_embed_to":[],"_tribe_events_virtual_show_on_event":"","_tribe_events_virtual_show_on_views":"","_tribe_events_virtual_url":"","footnotes":""},"tags":[],"tribe_events_cat":[61,53],"class_list":["post-13961","tribe_events","type-tribe_events","status-publish","has-post-thumbnail","hentry","tribe_events_cat-oslo-jazzdansfestival","tribe_events_cat-workshops","cat_oslo-jazzdansfestival","cat_workshops"],"acf":[],"_links":{"self":[{"href":"https:\/\/proda.no\/en\/wp-json\/wp\/v2\/tribe_events\/13961","targetHints":{"allow":["GET"]}}],"collection":[{"href":"https:\/\/proda.no\/en\/wp-json\/wp\/v2\/tribe_events"}],"about":[{"href":"https:\/\/proda.no\/en\/wp-json\/wp\/v2\/types\/tribe_events"}],"author":[{"embeddable":true,"href":"https:\/\/proda.no\/en\/wp-json\/wp\/v2\/users\/15"}],"version-history":[{"count":17,"href":"https:\/\/proda.no\/en\/wp-json\/wp\/v2\/tribe_events\/13961\/revisions"}],"predecessor-version":[{"id":14652,"href":"https:\/\/proda.no\/en\/wp-json\/wp\/v2\/tribe_events\/13961\/revisions\/14652"}],"wp:featuredmedia":[{"embeddable":true,"href":"https:\/\/proda.no\/en\/wp-json\/wp\/v2\/media\/14377"}],"wp:attachment":[{"href":"https:\/\/proda.no\/en\/wp-json\/wp\/v2\/media?parent=13961"}],"wp:term":[{"taxonomy":"post_tag","embeddable":true,"href":"https:\/\/proda.no\/en\/wp-json\/wp\/v2\/tags?post=13961"},{"taxonomy":"tribe_events_cat","embeddable":true,"href":"https:\/\/proda.no\/en\/wp-json\/wp\/v2\/tribe_events_cat?post=13961"}],"curies":[{"name":"wp","href":"https:\/\/api.w.org\/{rel}","templated":true}]}}

<p><strong>med Radix/Silje Olava Bakken og Sarjo Sankareh</strong></p>
<p><strong><br />
Workshop 1:</strong>     Kl. 10:00 &#8211; 11:30   <a href="https://tikkio.com/tickets/37049-oslo-jazzdansfestival-2023-ojdfproda-workshop-1506-kl-1000">Silje Olava Bakken/Radix Dance Crew</a><br />
<strong>Workshop 2:</strong>     Kl. 12:00 -13:30    <a href="https://tikkio.com/tickets/37050-oslo-jazzdansfestival-2023-ojdfproda-workshop-1506-kl-1200">Sarjo Sankareh</a><br />
<strong>Panelsamtale:</strong>  Kl. 14:00 &#8211; 15:15   <a href="https://tikkio.com/tickets/37051-oslo-jazzdansfestival-2023-ojdfproda-panelsamtale-1506-kl-1400-duplisert">Med Silje Olava Bakken/Radix, Sarjo Sankareh</a></p>
<p>Sted: Scenehuset<br />
Begge workshops er åpne for alle som kan følge en klasse på et godt øvet nivå.</p>
<p><strong>Påmelding kreves! PRODA-brukere får rabatterte priser på deltageravgift:</strong><br />
Workshop: kr 110 (inkluderer <span class="x193iq5w xeuugli x13faqbe x1vvkbs xlh3980 xvmahel x1n0sxbx x1lliihq x1s928wv xhkezso x1gmr53x x1cpjm7i x1fgarty x1943h6x xudqn12 x3x7a5m x6prxxf xvq8zen xo1l8bm xzsf02u" dir="auto">tilgang til panelsamtale)</span><br />
Panelsamtale: kr 55<br />
PRODA-pakke (2 workshops + panelsamtale): kr 160 &#8211; <a href="https://tikkio.com/tickets/37052-oslo-jazzdansfestival-2023-proda-pakke-1506">billett her</a></p>
<p>Alle billetter til festivalen finner du <a href="https://tikkio.com/organizer/10640-oslo-jazzdansfestival">here</a>.</p>
<p><strong>Workshopene:</strong><br />
Silje Olava Bakken/Radix og Sarjo Sankareh er OJDFs hovedaktører og vil holde hver sin workshop på Scenehuset.<br />
De vil dele av sine erfaringer som koreografer og utøvere og spesielt rette oppmerksomheten mot deres nyeste verk som vises på festivalen. Under følger beskrivelse av verkene til Radix/Silje Olava Bakken og Sarjo Sankareh som vil være utgangspunkt for workshopene.</p>
<p>NB: Innesko med flat såle anbefales for workshopen kl. 10:00.<br />
Vi starter presis &#8211; møt opp i god tid. Det vil være åpent 30 minutter før.</p>
<p><strong>Silje Olava Bakken/ Radix &#8211; &laquo;The Ground&raquo;</strong><br />
Utøverne i Radix tar i verket &laquo;The Ground&raquo; for seg fravær av lekenhet og fremvekst av press og alvor i voksenlivet. Økonomiske rammer og rollemodeller i media gjør leken stadig mindre tilstedeværende. Dansen og musikken kan imidlertid fungere som en portal for frigjøring og samtidig som en arena for formidling. Ved hjelp av hip-hop kulturens freestyle og dynamiske samspill med en tilstedeværende DJ leker utøverne seg gjennom &laquo;The Playground&raquo;. I andre del, &laquo;The Underground&raquo;, tar de begrensende rammene overhånd og leken kommer i bakgrunn. I siste del, &laquo;The Common Ground&raquo;, utforsker utøverne balanseganger mellom de foregående ytterpunktene.</p>
<p><strong>Sarjo Sankareh &#8211; &laquo;Ginga-Life is Rhythm&raquo;<br />
</strong>I dette verket brukes capoeira og begrepet «aché» som utgangspunkt for utforskning av bevegelser og sinnsstemninger. Aché viser til hvert individs unike energi og kraft som igjen akkumuleres kollektivt for å skape en tilstand av harmoni. Både rytme, lyd og bevegelse utforskes og skapes av danserne i en sirkelformasjon der også energien fra publikum tas opp. Ginga viser til det å svinge eller gynge og dette korrelerer med jazzdansens bevegelseskvaliteter. Capoeira og jazzdans har i tillegg historiske fellestrekk i form av undertrykkelse, sosialisering og scenisk avansement. Den sceniske ivaretakelsen av capoeira og jazzdans kan derfor fungere som både motstandskraft og kulturell kontinuitet.<br />
Sankareh tar i dette verket utgangspunkt i sin masteroppgave i dansevitenskap fra NTNU.<strong><br />
</strong></p>
<p><strong><br />
Panelsamtale &#8211; Dans og musikk i dialog<br />
</strong>En fellesnevner mellom årets to hovedutøvere er hvordan de skaper dansen i et samspill med musikken. Radix, representert ved Silje Olava Bakken, har med seg en DJ i studio og på scenen. Sarjo Sankareh har med seg to dansere som også er musikere. I utviklingen av deres respektive verk foregår det således et kontinuerlig samspill mellom dansere og musikere: danserne lar seg inspirere av musikken, og musikerne lar seg inspirere av dansen. Historisk sett var dette også viktig i forhold til jazzdansens opphav, der jazzmusikere og jazzdansere kommuniserte om å skape et felles musikalsk og estetisk uttrykk. I den moderne utvikligen av jazzdans har ofte avspilling av ferdig produsert musikk blitt benyttet i studio og på scene. Vi er derfor interessert i å høre mer fra våre paneldeltakere om hvorfor og hvordan de utvikler dans og musikk i fellesskap og hvordan de relaterer dette til jazzdansens opprinnelse. Hvilken vei går jazzdans i vår samtid? Foregår det en utvikling mot mer samspill mellom musikk og dans? Er dette noe som etterspørres ved ulike scenekunstinstitusjoner?</p>
<p>Medvirkende: Sarjo Sankareh (danser og koreograf), Silje Olava Bakken (danser og koreograf), Michelle Flagstad (daglig leder i PRODA). Samtalen modereres av Ingvild Vaagsether og Natalie Dahl.</p>
<p>Workshopene og panelsamtale er arrangert av OJDF<br />
PRODA er co-arrangør.</p>
<p>&nbsp;</p>
<p>Foto 1: Mikael Ortenheim<br />
Foto 2: Marius Krohn-Hauglie</p>
