{"id":10003796,"date":"2025-06-16T13:00:17","date_gmt":"2025-06-16T11:00:17","guid":{"rendered":"https:\/\/proda.no\/?post_type=tribe_events&#038;p=19201"},"modified":"2025-06-20T15:06:10","modified_gmt":"2025-06-20T13:06:10","slug":"musikaldans-20","status":"publish","type":"tribe_events","link":"https:\/\/proda.no\/en\/klasse\/musikaldans-20\/2025-10-31\/","title":{"rendered":"Musikaldans"},"content":{"rendered":"<p>med jan Ivar Lund<\/p>\n<p>Beskrivelse av klasse:<\/p>\n<p>Teknikk-klasse!<br \/>\nKlassen best\u00e5r av div stasjon\u00e6re tekniske \u00f8velser samt over gulv.<br \/>\n\u00d8velsene er basert p\u00e5 tradisjonell trening for musikaldansere.<\/p>\n<p>PRODAs klasser under sjangeren musikaldans er st\u00f8ttet av\u00a0<a href=\"https:\/\/creokultur.no\/faglige-sammenslutninger\/musikkteaterforum-i-creo\/\">Musikkteaterforum i CREO<\/a>.<br \/>\nDenne st\u00f8tten gj\u00f8r det mulig med et mer utvidet tilbudet enn hva som ellers hadde v\u00e6rt mulig.<\/p>","protected":false},"excerpt":{"rendered":"<p>med jan Ivar Lund Beskrivelse av klasse: Teknikk-klasse! Klassen best\u00e5r av div stasjon\u00e6re tekniske \u00f8velser samt over gulv. \u00d8velsene er basert p\u00e5 tradisjonell trening for musikaldansere. PRODAs klasser under sjangeren&#8230;<\/p>","protected":false},"author":15,"featured_media":19383,"template":"","meta":{"_acf_changed":false,"_tribe_events_status":"","_tribe_events_status_reason":"","_tribe_events_is_hybrid":"","_tribe_events_is_virtual":"","_tribe_events_virtual_video_source":"","_tribe_events_virtual_embed_video":"","_tribe_events_virtual_linked_button_text":"","_tribe_events_virtual_linked_button":"","_tribe_events_virtual_show_embed_at":"","_tribe_events_virtual_show_embed_to":[],"_tribe_events_virtual_show_on_event":"","_tribe_events_virtual_show_on_views":"","_tribe_events_virtual_url":"","footnotes":""},"tags":[],"tribe_events_cat":[52],"class_list":["post-10003796","tribe_events","type-tribe_events","status-publish","has-post-thumbnail","hentry","tribe_events_cat-klasser","cat_klasser","tribe-recurring-event","tribe-recurring-event-parent"],"acf":[],"_links":{"self":[{"href":"https:\/\/proda.no\/en\/wp-json\/wp\/v2\/tribe_events\/10003796","targetHints":{"allow":["GET"]}}],"collection":[{"href":"https:\/\/proda.no\/en\/wp-json\/wp\/v2\/tribe_events"}],"about":[{"href":"https:\/\/proda.no\/en\/wp-json\/wp\/v2\/types\/tribe_events"}],"author":[{"embeddable":true,"href":"https:\/\/proda.no\/en\/wp-json\/wp\/v2\/users\/15"}],"version-history":[{"count":0,"href":"https:\/\/proda.no\/en\/wp-json\/wp\/v2\/tribe_events\/10003796\/revisions"}],"wp:featuredmedia":[{"embeddable":true,"href":"https:\/\/proda.no\/en\/wp-json\/wp\/v2\/media\/19383"}],"wp:attachment":[{"href":"https:\/\/proda.no\/en\/wp-json\/wp\/v2\/media?parent=10003796"}],"wp:term":[{"taxonomy":"post_tag","embeddable":true,"href":"https:\/\/proda.no\/en\/wp-json\/wp\/v2\/tags?post=10003796"},{"taxonomy":"tribe_events_cat","embeddable":true,"href":"https:\/\/proda.no\/en\/wp-json\/wp\/v2\/tribe_events_cat?post=10003796"}],"curies":[{"name":"wp","href":"https:\/\/api.w.org\/{rel}","templated":true}]}}

<p>med jan Ivar Lund</p>
<p>Beskrivelse av klasse:</p>
<p>Teknikk-klasse!<br />
Klassen består av div stasjonære tekniske øvelser samt over gulv.<br />
Øvelsene er basert på tradisjonell trening for musikaldansere.</p>
<p>PRODAs klasser under sjangeren musikaldans er støttet av <a href="https://creokultur.no/faglige-sammenslutninger/musikkteaterforum-i-creo/">Musikkteaterforum i CREO</a>.<br />
Denne støtten gjør det mulig med et mer utvidet tilbudet enn hva som ellers hadde vært mulig.</p>

<p>med jan Ivar Lund Beskrivelse av klasse: Teknikk-klasse! Klassen består av div stasjonære tekniske øvelser samt over gulv. Øvelsene er basert på tradisjonell trening for musikaldansere. PRODAs klasser under sjangeren&#8230;</p>
