{"id":10003689,"date":"2024-12-16T15:00:30","date_gmt":"2024-12-16T14:00:30","guid":{"rendered":"https:\/\/proda.no\/?post_type=tribe_events&#038;p=18539"},"modified":"2025-01-13T14:52:06","modified_gmt":"2025-01-13T13:52:06","slug":"skuda-proda-workshop-med-alma-soderberg","status":"publish","type":"tribe_events","link":"https:\/\/proda.no\/en\/klasse\/skuda-proda-workshop-med-alma-soderberg\/2025-03-13\/","title":{"rendered":"SKUDA \/ PRODA Workshop med Alma S\u00f6derberg"},"content":{"rendered":"<p><strong>Workshop med Alma S\u00f6derberg<\/strong><\/p>\n<p>Alma S\u00f6derberg er ut\u00f8ver og koreograf med base i Malm\u00f6. Hun turnerer verkene sine p\u00e5 hovedscenene og de viktigste festivalene over hele Europa. S\u00f6derbergs verk er preget av en sterk og tydelig sammenheng mellom dans, musikk og stemme. Lyd og bevegelse er alltid tett sammenvevd, og en unders\u00f8kelse av disse uttrykkene er en kontinuerlig del av hennes kunstnerskap. I perioden 2019-2022 var hun tilknyttet Cullberg og skapte i to verk med kompaniet.<\/p>\n<p><strong><em><br \/>\nThe workshop is related to S\u00f6derbergs artistic work.<\/em><\/strong><strong><em><br \/>\nAlma S\u00f6derberg is a choreographer and performer that works with music and dance. She uses her voice and body to play space as if it was an instrument. Her ongoing research deals with how we listen as we look; the relation between the ear and the eye.<\/em><\/strong><\/p>\n<p>\u201cWe\u00a0will work on warming up both body and voice through different exercises, a strong focus is on rhythmical work as well as how to connect the sound and a movement in a one-on-one manner in order to create an instrument with your body. We will work particularly with grounding and groove, finding ways to access a physicality that is both laid back and rhythmically tight. This will be done through the help of music and different somatic tools.<\/p>\n<p>Furthermore, we will focus on polyrhythm, syncopation and synthesis. You will learn how to jam with polyrhythmic patterns, played out with both body and voice. We will work with rhythmical syncopation, creating a way of perceiving our dance as a rhythmical thing, as an ever-varying division of time in terms of rhythm. Finally, synthesis has to do with working on a detail level; making slight changes in tonus, tone, speed, intensity etc. in order to make change really matter and to open up both your own and eventually the audience\u2019s ability to perceive more and come closer to the dance.\u201d<\/p>\n<p><strong>Alma S\u00f6derberg<\/strong> has grounded her practice in a number of solo performances in which she developed an idiorhythmic way of creating. In the two ongoing musicprojects <em>wowawiwa<\/em> and <em>John the Houseband<\/em>, she has worked in collaboration with the other artists Anja Muller, Dennis Deter, Hendrik Willekens, Roger Sala Reyner and Melkorka Sigridur Magnusdottir. In all her works she collaborates closely with the sound artist Hendrik Willekens. Alma S\u00f6derberg has won the Thalia Prize and has been granted the Cullberg scholarship.<\/p>\n<p>&nbsp;<\/p>\n<p>Tid: onsdag 12. t.o.m. l\u00f8rdag 15. mars 2025 kl. 10:00 &#8211; 16:00<br \/>\nSted: PRODA \/ Rom for Dans, store studio<br \/>\nVarighet, 5 timer per dag + en time til lunsj<\/p>\n<p>Pris kr. 1200,-<br \/>\nDet er begrenset antall deltagere. P\u00e5meldingsfris 1. mars 2025<br \/>\nP\u00e5melding er bindende. <a href=\"https:\/\/www.letsreg.com\/no\/register\/WORKSHOPmedAlmaSoderberg_13012025013159#\/\">P\u00e5melding her!<\/a><\/p>\n<p>Workshopen er et samarbeid mellom SKUDA Skuespiller- og danseralliansen, PRAXIS Oslo og PRODA<\/p>\n<p>Foto: Alma S\u00f6derberg i sin solo \u00ab New Old\u00bb ( 2023)<br \/>\nFoto: Alma S\u00f6derberg i workshop for Dansalliansen p\u00e5 Dancentrum Malm\u00f6 2024<\/p>\n<p>&nbsp;<\/p>\n<p>&nbsp;<\/p>\n<p>&nbsp;<\/p>\n<p>&nbsp;<\/p>\n<p>&nbsp;<\/p>\n<p>&nbsp;<\/p>\n<p>Tider: Onsdag 12. til og med l\u00f8rdag 15. mars kl. 09:30 &#8211; 15:30<br \/>\nSted: Rom For Dans<br \/>\nWorkshopen vil kreve p\u00e5melding.<\/p>\n<p>Workshopen er et samarbeid mellom SKUDA Skuespiller- og danseralliansen, PRAXIS<\/p>\n<p>&nbsp;<\/p>\n<p>&nbsp;<\/p>\n<p>&nbsp;<\/p>\n<p>&nbsp;<\/p>","protected":false},"excerpt":{"rendered":"<p>Workshop med Alma S\u00f6derberg Alma S\u00f6derberg er ut\u00f8ver og koreograf med base i Malm\u00f6. Hun turnerer verkene sine p\u00e5 hovedscenene og de viktigste festivalene over hele Europa. S\u00f6derbergs verk er&#8230;<\/p>","protected":false},"author":15,"featured_media":18628,"template":"","meta":{"_acf_changed":false,"_tribe_events_status":"","_tribe_events_status_reason":"","_tribe_events_is_hybrid":"","_tribe_events_is_virtual":"","_tribe_events_virtual_video_source":"","_tribe_events_virtual_embed_video":"","_tribe_events_virtual_linked_button_text":"","_tribe_events_virtual_linked_button":"","_tribe_events_virtual_show_embed_at":"","_tribe_events_virtual_show_embed_to":[],"_tribe_events_virtual_show_on_event":"","_tribe_events_virtual_show_on_views":"","_tribe_events_virtual_url":"","footnotes":""},"tags":[],"tribe_events_cat":[79],"class_list":["post-10003689","tribe_events","type-tribe_events","status-publish","has-post-thumbnail","hentry","tribe_events_cat-skuda-workshop","cat_skuda-workshop","tribe-recurring-event","tribe-recurring-event-parent"],"acf":[],"_links":{"self":[{"href":"https:\/\/proda.no\/en\/wp-json\/wp\/v2\/tribe_events\/10003689","targetHints":{"allow":["GET"]}}],"collection":[{"href":"https:\/\/proda.no\/en\/wp-json\/wp\/v2\/tribe_events"}],"about":[{"href":"https:\/\/proda.no\/en\/wp-json\/wp\/v2\/types\/tribe_events"}],"author":[{"embeddable":true,"href":"https:\/\/proda.no\/en\/wp-json\/wp\/v2\/users\/15"}],"version-history":[{"count":0,"href":"https:\/\/proda.no\/en\/wp-json\/wp\/v2\/tribe_events\/10003689\/revisions"}],"wp:featuredmedia":[{"embeddable":true,"href":"https:\/\/proda.no\/en\/wp-json\/wp\/v2\/media\/18628"}],"wp:attachment":[{"href":"https:\/\/proda.no\/en\/wp-json\/wp\/v2\/media?parent=10003689"}],"wp:term":[{"taxonomy":"post_tag","embeddable":true,"href":"https:\/\/proda.no\/en\/wp-json\/wp\/v2\/tags?post=10003689"},{"taxonomy":"tribe_events_cat","embeddable":true,"href":"https:\/\/proda.no\/en\/wp-json\/wp\/v2\/tribe_events_cat?post=10003689"}],"curies":[{"name":"wp","href":"https:\/\/api.w.org\/{rel}","templated":true}]}}

SKUDA / PRODA Workshop med Alma Söderberg

<p><strong>Workshop med Alma Söderberg</strong></p>
<p>Alma Söderberg er utøver og koreograf med base i Malmö. Hun turnerer verkene sine på hovedscenene og de viktigste festivalene over hele Europa. Söderbergs verk er preget av en sterk og tydelig sammenheng mellom dans, musikk og stemme. Lyd og bevegelse er alltid tett sammenvevd, og en undersøkelse av disse uttrykkene er en kontinuerlig del av hennes kunstnerskap. I perioden 2019-2022 var hun tilknyttet Cullberg og skapte i to verk med kompaniet.</p>
<p><strong><em><br />
The workshop is related to Söderbergs artistic work.</em></strong><strong><em><br />
Alma Söderberg is a choreographer and performer that works with music and dance. She uses her voice and body to play space as if it was an instrument. Her ongoing research deals with how we listen as we look; the relation between the ear and the eye.</em></strong></p>
<p>“We will work on warming up both body and voice through different exercises, a strong focus is on rhythmical work as well as how to connect the sound and a movement in a one-on-one manner in order to create an instrument with your body. We will work particularly with grounding and groove, finding ways to access a physicality that is both laid back and rhythmically tight. This will be done through the help of music and different somatic tools.</p>
<p>Furthermore, we will focus on polyrhythm, syncopation and synthesis. You will learn how to jam with polyrhythmic patterns, played out with both body and voice. We will work with rhythmical syncopation, creating a way of perceiving our dance as a rhythmical thing, as an ever-varying division of time in terms of rhythm. Finally, synthesis has to do with working on a detail level; making slight changes in tonus, tone, speed, intensity etc. in order to make change really matter and to open up both your own and eventually the audience’s ability to perceive more and come closer to the dance.”</p>
<p><strong>Alma Söderberg</strong> has grounded her practice in a number of solo performances in which she developed an idiorhythmic way of creating. In the two ongoing musicprojects <em>wowawiwa</em> and <em>John the Houseband</em>, she has worked in collaboration with the other artists Anja Muller, Dennis Deter, Hendrik Willekens, Roger Sala Reyner and Melkorka Sigridur Magnusdottir. In all her works she collaborates closely with the sound artist Hendrik Willekens. Alma Söderberg has won the Thalia Prize and has been granted the Cullberg scholarship.</p>
<p>&nbsp;</p>
<p>Tid: onsdag 12. t.o.m. lørdag 15. mars 2025 kl. 10:00 &#8211; 16:00<br />
Sted: PRODA / Rom for Dans, store studio<br />
Varighet, 5 timer per dag + en time til lunsj</p>
<p>Pris kr. 1200,-<br />
Det er begrenset antall deltagere. Påmeldingsfris 1. mars 2025<br />
Påmelding er bindende. <a href="https://www.letsreg.com/no/register/WORKSHOPmedAlmaSoderberg_13012025013159#/">Påmelding her!</a></p>
<p>Workshopen er et samarbeid mellom SKUDA Skuespiller- og danseralliansen, PRAXIS Oslo og PRODA</p>
<p>Foto: Alma Söderberg i sin solo « New Old» ( 2023)<br />
Foto: Alma Söderberg i workshop for Dansalliansen på Dancentrum Malmö 2024</p>
<p>&nbsp;</p>
<p>&nbsp;</p>
<p>&nbsp;</p>
<p>&nbsp;</p>
<p>&nbsp;</p>
<p>&nbsp;</p>
<p>Tider: Onsdag 12. til og med lørdag 15. mars kl. 09:30 &#8211; 15:30<br />
Sted: Rom For Dans<br />
Workshopen vil kreve påmelding.</p>
<p>Workshopen er et samarbeid mellom SKUDA Skuespiller- og danseralliansen, PRAXIS</p>
<p>&nbsp;</p>
<p>&nbsp;</p>
<p>&nbsp;</p>
<p>&nbsp;</p>

<p>Workshop med Alma Söderberg Alma Söderberg er utøver og koreograf med base i Malmö. Hun turnerer verkene sine på hovedscenene og de viktigste festivalene over hele Europa. Söderbergs verk er&#8230;</p>
