{"id":10001789,"date":"2021-12-17T08:24:55","date_gmt":"2021-12-17T07:24:55","guid":{"rendered":"https:\/\/proda.no\/?post_type=tribe_events&#038;p=10774"},"modified":"2022-04-11T09:10:47","modified_gmt":"2022-04-11T07:10:47","slug":"ballett-37","status":"publish","type":"tribe_events","link":"https:\/\/proda.no\/en\/klasse\/ballett-37\/2022-05-13\/","title":{"rendered":"Ballett"},"content":{"rendered":"<p>med Vigdis Langeggen.<\/p>\n<p>Beskrivelse av klasse:<br \/>\nMine klasser i ballett bygger p\u00e5 min erfaring med samtidsdans der utgangspunkt er kroppens naturlige veier i bevegelse og form med fokus p\u00e5 \u00e5 ivareta en trygg belastning av strukturer, skjelett og muskulatur. Jeg leter etter teknikken innenfra, med fokus p\u00e5 det funksjonelle og \u00f8konomisk bruk av muskulatur.\u00a0 Bruk av pust i samspill med spenning og avspenning danner grunnlaget for kraft og energi i form og bevegelser. Rytme, dynamikk og musikalitet er viktig fokus og i arbeidet med teknikken vil hver enkelt f\u00e5r mulighet til \u00e5 lytte, utforske og finne sin vei i form, rom og bevegelse.<\/p>","protected":false},"excerpt":{"rendered":"<p>med Vigdis Langeggen. Beskrivelse av klasse: Mine klasser i ballett bygger p\u00e5 min erfaring med samtidsdans der utgangspunkt er kroppens naturlige veier i bevegelse og form med fokus p\u00e5 \u00e5&#8230;<\/p>","protected":false},"author":32,"featured_media":10784,"template":"","meta":{"_acf_changed":false,"_tribe_events_status":"","_tribe_events_status_reason":"","_tribe_events_is_hybrid":"","_tribe_events_is_virtual":"","_tribe_events_virtual_video_source":"","_tribe_events_virtual_embed_video":"","_tribe_events_virtual_linked_button_text":"","_tribe_events_virtual_linked_button":"","_tribe_events_virtual_show_embed_at":"","_tribe_events_virtual_show_embed_to":[],"_tribe_events_virtual_show_on_event":"","_tribe_events_virtual_show_on_views":"","_tribe_events_virtual_url":"","footnotes":""},"tags":[],"tribe_events_cat":[52],"class_list":["post-10001789","tribe_events","type-tribe_events","status-publish","has-post-thumbnail","hentry","tribe_events_cat-klasser","cat_klasser","tribe-recurring-event","tribe-recurring-event-parent"],"acf":[],"_links":{"self":[{"href":"https:\/\/proda.no\/en\/wp-json\/wp\/v2\/tribe_events\/10001789","targetHints":{"allow":["GET"]}}],"collection":[{"href":"https:\/\/proda.no\/en\/wp-json\/wp\/v2\/tribe_events"}],"about":[{"href":"https:\/\/proda.no\/en\/wp-json\/wp\/v2\/types\/tribe_events"}],"author":[{"embeddable":true,"href":"https:\/\/proda.no\/en\/wp-json\/wp\/v2\/users\/32"}],"version-history":[{"count":0,"href":"https:\/\/proda.no\/en\/wp-json\/wp\/v2\/tribe_events\/10001789\/revisions"}],"wp:featuredmedia":[{"embeddable":true,"href":"https:\/\/proda.no\/en\/wp-json\/wp\/v2\/media\/10784"}],"wp:attachment":[{"href":"https:\/\/proda.no\/en\/wp-json\/wp\/v2\/media?parent=10001789"}],"wp:term":[{"taxonomy":"post_tag","embeddable":true,"href":"https:\/\/proda.no\/en\/wp-json\/wp\/v2\/tags?post=10001789"},{"taxonomy":"tribe_events_cat","embeddable":true,"href":"https:\/\/proda.no\/en\/wp-json\/wp\/v2\/tribe_events_cat?post=10001789"}],"curies":[{"name":"wp","href":"https:\/\/api.w.org\/{rel}","templated":true}]}}

<p>med Vigdis Langeggen.</p>
<p>Beskrivelse av klasse:<br />
Mine klasser i ballett bygger på min erfaring med samtidsdans der utgangspunkt er kroppens naturlige veier i bevegelse og form med fokus på å ivareta en trygg belastning av strukturer, skjelett og muskulatur. Jeg leter etter teknikken innenfra, med fokus på det funksjonelle og økonomisk bruk av muskulatur.  Bruk av pust i samspill med spenning og avspenning danner grunnlaget for kraft og energi i form og bevegelser. Rytme, dynamikk og musikalitet er viktig fokus og i arbeidet med teknikken vil hver enkelt får mulighet til å lytte, utforske og finne sin vei i form, rom og bevegelse.</p>

<p>med Vigdis Langeggen. Beskrivelse av klasse: Mine klasser i ballett bygger på min erfaring med samtidsdans der utgangspunkt er kroppens naturlige veier i bevegelse og form med fokus på å&#8230;</p>
