{"id":20882,"date":"2026-01-07T13:24:23","date_gmt":"2026-01-07T12:24:23","guid":{"rendered":"https:\/\/proda.no\/?page_id=20882"},"modified":"2026-01-07T13:33:12","modified_gmt":"2026-01-07T12:33:12","slug":"fagutvalg-proda-oslo","status":"publish","type":"page","link":"https:\/\/proda.no\/en\/fagutvalg-proda-oslo\/","title":{"rendered":"Fagutvalg PRODA Oslo"},"content":{"rendered":"<p>Fagutvalget har tidligere best\u00e5tt kun av dansekunstnere som ogs\u00e5 har hatt funksjon i PRODAs styre som medlemmer av styret eller som vara. Fra og med h\u00f8sten 2024 er dette endret, og minst \u00e9n av plassene i fagutvalget er en av brukene fra feltet. Funksjonstiden er 2 \u00e5r.<\/p>\n\n\n\n<p>For perioden h\u00f8st 2025-v\u00e5r 2026 er Cassandra Moldenhauer, Sarjo Sankareh og Torill Kolsrud i fagutvalget. Fagutvalget skal representere brukerne gjennom ulike fagomr\u00e5der, komme med forslag og innspill til fagprogrammet p\u00e5 PRODA. Fagutvalget kan ikke selv undervise ved PRODA Oslo i perioden de sitter i utvalget.<\/p>\n\n\n\n<p>Torill har tverrfaglig og sammensatt bakgrunn og erfaring som dansekunster med virksomhet b\u00e5de nasjonalt og internasjonalt. Hun har bl.a. arbeidet ved Nationaltheater Mannheim, samt arbeidet med en rekke norske og internasjonale dansekunstnere og koreografer. Hun kan i tillegg vise til produsentvirksomhet og pedagogisk arbeid. Torill er en hyppig bruker av PRODAs fagtilbud, og med sin kompetanse og aktivitet som kunstner, vil hun komplimentere samt utvide fagutvalgets kunnskap og kontaktflate til feltet.<\/p>\n\n\n\n<p>Sarjo og Cassandra har begge verv i styret i PRODA.<\/p>\n\n\n\n<p>Sarjo har v\u00e6rt ordin\u00e6rt styremedlem i PRODA siden 2024, og sitter i fagutvalget frem til v\u00e5ren 2026. Hans virke som dansekunstner er b\u00e5de som ut\u00f8ver, koreograf og pedagog. Sarjo er en sertifisert Horton teknikk l\u00e6rer fra Alvin Ailey School i New York. Han har ogs\u00e5 kompetanse og erfaring i en rekke dansesjangere som gj\u00f8r at han jobber sjangeroverskridende b\u00e5de i undervisning og koreografi.<\/p>\n\n\n\n<p>Cassandra ivaretar en viktig kontinuitet og kunnskap i fagutvalget. Hun er varamedlem i PRODAs styre, var styremedlem i perioden 2022 \u2013 24 \/ 2024 &#8211; 26, og har sittet i fagutvalget i samme periode. Cassandra arbeider som danser, koreograf, pedagog og prosjektleder. Hun er en sentral kunstner i street- og klubbdansfeltet og har i mange \u00e5r v\u00e6rt med \u00e5 arrangere noen av Norges st\u00f8rste battles og dansefestivaler innen street-dans med Soul Sessions Oslo. Hun er&nbsp;p\u00e5driver for Ballroom-milj\u00f8et i Norge og er sv\u00e6rt aktiv ogs\u00e5 internasjonalt.&nbsp;<\/p>","protected":false},"excerpt":{"rendered":"<p>Fagutvalget har tidligere best\u00e5tt kun av dansekunstnere som ogs\u00e5 har hatt funksjon i PRODAs styre som medlemmer av styret eller som vara. Fra og med h\u00f8sten 2024 er dette endret,&#8230;<\/p>","protected":false},"author":15,"featured_media":20887,"parent":0,"menu_order":0,"comment_status":"closed","ping_status":"closed","template":"","meta":{"_acf_changed":false,"footnotes":""},"class_list":["post-20882","page","type-page","status-publish","has-post-thumbnail","hentry"],"acf":[],"featured_image_src":"https:\/\/proda.no\/wp-content\/uploads\/2026\/01\/PRODA-Oslos-fagutvalg-og-fagansvarlig1.png","_links":{"self":[{"href":"https:\/\/proda.no\/en\/wp-json\/wp\/v2\/pages\/20882","targetHints":{"allow":["GET"]}}],"collection":[{"href":"https:\/\/proda.no\/en\/wp-json\/wp\/v2\/pages"}],"about":[{"href":"https:\/\/proda.no\/en\/wp-json\/wp\/v2\/types\/page"}],"author":[{"embeddable":true,"href":"https:\/\/proda.no\/en\/wp-json\/wp\/v2\/users\/15"}],"replies":[{"embeddable":true,"href":"https:\/\/proda.no\/en\/wp-json\/wp\/v2\/comments?post=20882"}],"version-history":[{"count":2,"href":"https:\/\/proda.no\/en\/wp-json\/wp\/v2\/pages\/20882\/revisions"}],"predecessor-version":[{"id":20889,"href":"https:\/\/proda.no\/en\/wp-json\/wp\/v2\/pages\/20882\/revisions\/20889"}],"wp:featuredmedia":[{"embeddable":true,"href":"https:\/\/proda.no\/en\/wp-json\/wp\/v2\/media\/20887"}],"wp:attachment":[{"href":"https:\/\/proda.no\/en\/wp-json\/wp\/v2\/media?parent=20882"}],"curies":[{"name":"wp","href":"https:\/\/api.w.org\/{rel}","templated":true}]}}

<p>Fagutvalget har tidligere bestått kun av dansekunstnere som også har hatt funksjon i PRODAs styre som medlemmer av styret eller som vara. Fra og med høsten 2024 er dette endret, og minst én av plassene i fagutvalget er en av brukene fra feltet. Funksjonstiden er 2 år.</p>



<p>For perioden høst 2025-vår 2026 er Cassandra Moldenhauer, Sarjo Sankareh og Torill Kolsrud i fagutvalget. Fagutvalget skal representere brukerne gjennom ulike fagområder, komme med forslag og innspill til fagprogrammet på PRODA. Fagutvalget kan ikke selv undervise ved PRODA Oslo i perioden de sitter i utvalget.</p>



<p>Torill har tverrfaglig og sammensatt bakgrunn og erfaring som dansekunster med virksomhet både nasjonalt og internasjonalt. Hun har bl.a. arbeidet ved Nationaltheater Mannheim, samt arbeidet med en rekke norske og internasjonale dansekunstnere og koreografer. Hun kan i tillegg vise til produsentvirksomhet og pedagogisk arbeid. Torill er en hyppig bruker av PRODAs fagtilbud, og med sin kompetanse og aktivitet som kunstner, vil hun komplimentere samt utvide fagutvalgets kunnskap og kontaktflate til feltet.</p>



<p>Sarjo og Cassandra har begge verv i styret i PRODA.</p>



<p>Sarjo har vært ordinært styremedlem i PRODA siden 2024, og sitter i fagutvalget frem til våren 2026. Hans virke som dansekunstner er både som utøver, koreograf og pedagog. Sarjo er en sertifisert Horton teknikk lærer fra Alvin Ailey School i New York. Han har også kompetanse og erfaring i en rekke dansesjangere som gjør at han jobber sjangeroverskridende både i undervisning og koreografi.</p>



<p>Cassandra ivaretar en viktig kontinuitet og kunnskap i fagutvalget. Hun er varamedlem i PRODAs styre, var styremedlem i perioden 2022 – 24 / 2024 &#8211; 26, og har sittet i fagutvalget i samme periode. Cassandra arbeider som danser, koreograf, pedagog og prosjektleder. Hun er en sentral kunstner i street- og klubbdansfeltet og har i mange år vært med å arrangere noen av Norges største battles og dansefestivaler innen street-dans med Soul Sessions Oslo. Hun er&nbsp;pådriver for Ballroom-miljøet i Norge og er svært aktiv også internasjonalt.&nbsp;</p>

<p>Fagutvalget har tidligere bestått kun av dansekunstnere som også har hatt funksjon i PRODAs styre som medlemmer av styret eller som vara. Fra og med høsten 2024 er dette endret,&#8230;</p>
