{"id":140,"date":"2015-04-27T15:31:16","date_gmt":"2015-04-27T15:31:16","guid":{"rendered":"https:\/\/highseastudio.com\/demo\/asana-wp\/?page_id=2"},"modified":"2025-08-01T10:06:20","modified_gmt":"2025-08-01T08:06:20","slug":"om-proda","status":"publish","type":"page","link":"https:\/\/proda.no\/en\/om-proda\/","title":{"rendered":"About PRODA"},"content":{"rendered":"<p><strong><em>PRODA profesjonell dansetrening skal arrangere et daglig kompetansehevende fagtilbud, som bidrar til at dansekunstnere kan ut\u00f8ve og formidle dans av h\u00f8y kvalitet.<\/em><\/strong><\/p>\n<p>PRODA profesjonell dansetrening er et kostnadsfritt og landsdekkende tiltak for profesjonelle dansekunstnere. PRODA er en av de viktigste akt\u00f8rene i den kulturelle infrastrukturen for dans, og er for dansere hva Olympiatoppen\/Toppidrettssenteret er for idrettsut\u00f8vere. Vi arrangerer et daglig kompetansehevende fagtilbud, som sikrer at dansere opprettholder et internasjonalt h\u00f8yt kunstnerisk niv\u00e5, og til at samfunnet kan delta i og oppleve et mangfold av dansekunst gjennom bl.a. undervisning og forestillinger.<\/p>\n<p><strong><em>PRODA skal v\u00e6re et relevant og samlende fagtilbud, og en inspirerende arena for faglig utvikling.<\/em><\/strong><\/p>\n<p>Regjeringen \u00f8nsker \u00e5 legge til rette for kunst og kultur i hele landet, samtidig som de sikrer arbeidsplasser og trygge arbeidsvilk\u00e5r i kunst- og kultursektoren. PRODA fungerer som nasjonal premissleverand\u00f8r av fagtilbud for dansere gjennom \u00e5 fordele midler til form\u00e5let til PRODA Oslo og <a href=\"https:\/\/proda.no\/en\/regionale-avdelinger\/\">9 regionale avdelinger<\/a> ved kompetansesentre for dans og interesseorganisasjoner. Gjennom avdelingene bidrar vi til at flere kan bo og virke i regionene, noe som igjen bidrar til \u00f8kt sysselsetting og verdiskaping utenfor Oslo. PRODA er med \u00e5 etablere n\u00f8dvendige m\u00f8teplasser, nettverk, faglig utvikling og kontinuerlig trening for dansere i hele landet. Dette styrker muligheten for dansere til \u00e5 opprettholde sin kunstneriske kompetanse, og vil igjen kunne lede til \u00f8kt aktivitet og et st\u00f8rre mangfold i tilbudet i regionene.<\/p>\n<p><strong><em>PRODA skal legge til rette for gode arbeidsvilk\u00e5r i yrket som dansekunstner og bidra til b\u00e6rekraftige dansekunstkarrierer<\/em><\/strong><\/p>\n<p>PRODA legger til rette for dansere, p\u00e5 lik linje med en arbeidsgiver. Dansekunstnere i Norge opererer i stor grad i det frie feltet, uten en fast arbeidsgiver, og PRODA anses som en av grunnpilarene. PRODA er en viktig del av arbeidsvilk\u00e5r og fellesskap i en kompleks og krevende arbeidshverdag for dansere. Et bredt, m\u00e5lrettet fagtilbud i tilstrekkelig omfang har stor betydning for alle som jobber i danseyrker. PRODAs form\u00e5l er fastsatt med grunnlag i dansekunstnernes inntekts- og utdannelsesniv\u00e5 og arbeidsvilk\u00e5r. PRODAs tilbud er et sentralt kunstnertiltak rettet mot frilansere, og fagtilbudet er derfor en viktig rammefaktor for at det formidles dansekunst av h\u00f8y kvalitet. PRODA skaper verdier som kommer andre til gode.\u00a0<em>\u00a0<\/em><\/p>\n\n\n<figure class=\"wp-block-image size-large\"><img loading=\"lazy\" decoding=\"async\" width=\"1024\" height=\"1024\" src=\"https:\/\/proda.no\/wp-content\/uploads\/2025\/08\/Design-uten-navn-1024x1024.png\" alt=\"\" class=\"wp-image-19824\" srcset=\"https:\/\/proda.no\/wp-content\/uploads\/2025\/08\/Design-uten-navn-1024x1024.png 1024w, https:\/\/proda.no\/wp-content\/uploads\/2025\/08\/Design-uten-navn-300x300.png 300w, https:\/\/proda.no\/wp-content\/uploads\/2025\/08\/Design-uten-navn-150x150.png 150w, https:\/\/proda.no\/wp-content\/uploads\/2025\/08\/Design-uten-navn-768x768.png 768w, https:\/\/proda.no\/wp-content\/uploads\/2025\/08\/Design-uten-navn-100x100.png 100w, https:\/\/proda.no\/wp-content\/uploads\/2025\/08\/Design-uten-navn-600x600.png 600w, https:\/\/proda.no\/wp-content\/uploads\/2025\/08\/Design-uten-navn-1536x1536.png 1536w, https:\/\/proda.no\/wp-content\/uploads\/2025\/08\/Design-uten-navn-2048x2048.png 2048w, https:\/\/proda.no\/wp-content\/uploads\/2025\/08\/Design-uten-navn-960x960.png 960w, https:\/\/proda.no\/wp-content\/uploads\/2025\/08\/Design-uten-navn-480x480.png 480w, https:\/\/proda.no\/wp-content\/uploads\/2025\/08\/Design-uten-navn-52x52.png 52w, https:\/\/proda.no\/wp-content\/uploads\/2025\/08\/Design-uten-navn-128x128.png 128w, https:\/\/proda.no\/wp-content\/uploads\/2025\/08\/Design-uten-navn-1170x1170.png 1170w, https:\/\/proda.no\/wp-content\/uploads\/2025\/08\/Design-uten-navn.png 1080w\" sizes=\"auto, (max-width: 1024px) 100vw, 1024px\" \/><\/figure>\n\n\n\n<p><\/p>\n\n\n\n<p><\/p>\n\n\n\n<p><\/p>\n\n\n\n<h2 class=\"wp-block-heading has-text-align-center\" id=\"0-historikk-\">Historikk<\/h2>\n\n\n\n<p><strong>PRODA profesjonell dansetrening<\/strong> ble opprettet i 1988 etter initiativ fra <strong><a href=\"https:\/\/norskedansekunstnere.no\/\">Norske Dansekunstnere, forbundet for dansere, koreografer og pedagoger<\/a><\/strong> Tiltaket ble&nbsp;st\u00f8ttet av Kulturdepartementet som et ledd i \u00e5 bedre dansekunstnernes&nbsp;arbeids- og levek\u00e5r. PRODA finansieres i dag gjennom statstilskudd over Kulturdepartementets budsjett, og gjennom betydelig driftst\u00f8tte fra Oslo Kommune. De regionale avdelingene har ogs\u00e5 ulik grad av medfinansiering lokalt, som er helt essensiell for den regionale aktiviteten. <\/p>\n\n\n\n<p>PRODA har siden opprettelsen v\u00e6rt et relevant og samlende fagtilbud for dansefeltet. Organisasjonen utvikler seg i tr\u00e5d med tendenser i feltet og er en inspirerende arena for faglig utvikling. Siden oppstarten i Oslo i 1988, har PRODA utviklet seg til \u00e5 bli en nasjonal premissleverand\u00f8r av kompetansehevende tiltak for profesjonelle dansekunstnere. Region Vest og Nord var de to f\u00f8rste regionene som kom til i 1998, deretter Tr\u00f8ndelag (n\u00e5 S\u00f8r-Tr\u00f8ndelag) og Rogaland i 1999. PRODA har i dag totalt 10 regionale avdelinger, hvor Oslo er den st\u00f8rste regionen. 75% av dansekunstnerne bor i Oslo og hoveddelen av statstilskuddet g\u00e5r til et daglig tilbud her. I regionene er det ukes- og samlingsbasert aktivitet i tr\u00e5d med lokale behov og antall dansekunstnere basert i de ulike regionene.<\/p>\n\n\n\n<p>PRODA har samarbeid i hele landet med relevante akt\u00f8rer, dansescener, festivaler og organisasjoner mfl., som bidrar til at vi kan realisere workshops, seminar og andre faglige aktiviteter. Det arrangeres ogs\u00e5 fagtilbud som er tverrkunstnerisk, som bidrar til \u00f8kt kompetanse- og kunnskapsdeling i ulike fagfelt.<\/p>\n\n\n\n<p><\/p>\n\n\n\n<h2 class=\"wp-block-heading has-text-align-center\">Yearly reports<\/h2>\n\n\n\n<p>Annual reports are made for PRODA's nationwide activity. These are only availiable in Norwegian.<\/p>\n\n\n\n<p>Dowload the last reports here.<\/p>\n\n\n\n<p><a href=\"https:\/\/proda.no\/wp-content\/uploads\/2025\/06\/Arsrapport-2024.pdf\">\u00c5rsrapport 2024<\/a><\/p>\n\n\n\n<p><a href=\"https:\/\/proda.no\/wp-content\/uploads\/2024\/06\/Arsrapport-2023.pdf\">\u00c5rsrapport 2023<\/a><\/p>\n\n\n\n<p><a href=\"https:\/\/proda.no\/wp-content\/uploads\/2023\/03\/Signert-arsrapport-2022.pdf\">\u00c5rsrapport 2022<\/a><\/p>\n\n\n\n<p><a href=\"https:\/\/proda.no\/wp-content\/uploads\/2022\/03\/Signert-\u00e5rsrapport-2021.pdf\">\u00c5rsrapport 2021<\/a><\/p>\n\n\n\n<p><a href=\"https:\/\/proda.no\/wp-content\/uploads\/2021\/05\/\u00c5rsrapport-2020.pdf\">\u00c5rsrapport 2020<\/a><\/p>\n\n\n\n<p><sub>Foto: Fra \u00c5pen pr\u00f8vedans 2022 og workshop med Mia Habib, foto: Elin Osjord<\/sub><\/p>\n\n\n\n<p><\/p>","protected":false},"excerpt":{"rendered":"<p>PRODA profesjonell dansetrening skal arrangere et daglig kompetansehevende fagtilbud, som bidrar til at dansekunstnere kan ut\u00f8ve og formidle dans av h\u00f8y kvalitet. PRODA profesjonell dansetrening er et kostnadsfritt og landsdekkende&#8230;<\/p>","protected":false},"author":1,"featured_media":14008,"parent":0,"menu_order":0,"comment_status":"closed","ping_status":"closed","template":"","meta":{"_acf_changed":false,"footnotes":""},"class_list":["post-140","page","type-page","status-publish","has-post-thumbnail","hentry"],"acf":[],"featured_image_src":"https:\/\/proda.no\/wp-content\/uploads\/2022\/12\/ApenProvedans-7-enda-mindre-scaled.jpg","_links":{"self":[{"href":"https:\/\/proda.no\/en\/wp-json\/wp\/v2\/pages\/140","targetHints":{"allow":["GET"]}}],"collection":[{"href":"https:\/\/proda.no\/en\/wp-json\/wp\/v2\/pages"}],"about":[{"href":"https:\/\/proda.no\/en\/wp-json\/wp\/v2\/types\/page"}],"author":[{"embeddable":true,"href":"https:\/\/proda.no\/en\/wp-json\/wp\/v2\/users\/1"}],"replies":[{"embeddable":true,"href":"https:\/\/proda.no\/en\/wp-json\/wp\/v2\/comments?post=140"}],"version-history":[{"count":18,"href":"https:\/\/proda.no\/en\/wp-json\/wp\/v2\/pages\/140\/revisions"}],"predecessor-version":[{"id":19850,"href":"https:\/\/proda.no\/en\/wp-json\/wp\/v2\/pages\/140\/revisions\/19850"}],"wp:featuredmedia":[{"embeddable":true,"href":"https:\/\/proda.no\/en\/wp-json\/wp\/v2\/media\/14008"}],"wp:attachment":[{"href":"https:\/\/proda.no\/en\/wp-json\/wp\/v2\/media?parent=140"}],"curies":[{"name":"wp","href":"https:\/\/api.w.org\/{rel}","templated":true}]}}

<p><strong><em>PRODA profesjonell dansetrening skal arrangere et daglig kompetansehevende fagtilbud, som bidrar til at dansekunstnere kan utøve og formidle dans av høy kvalitet.</em></strong></p>
<p>PRODA profesjonell dansetrening er et kostnadsfritt og landsdekkende tiltak for profesjonelle dansekunstnere. PRODA er en av de viktigste aktørene i den kulturelle infrastrukturen for dans, og er for dansere hva Olympiatoppen/Toppidrettssenteret er for idrettsutøvere. Vi arrangerer et daglig kompetansehevende fagtilbud, som sikrer at dansere opprettholder et internasjonalt høyt kunstnerisk nivå, og til at samfunnet kan delta i og oppleve et mangfold av dansekunst gjennom bl.a. undervisning og forestillinger.</p>
<p><strong><em>PRODA skal være et relevant og samlende fagtilbud, og en inspirerende arena for faglig utvikling.</em></strong></p>
<p>Regjeringen ønsker å legge til rette for kunst og kultur i hele landet, samtidig som de sikrer arbeidsplasser og trygge arbeidsvilkår i kunst- og kultursektoren. PRODA fungerer som nasjonal premissleverandør av fagtilbud for dansere gjennom å fordele midler til formålet til PRODA Oslo og <a href="https://proda.no/en/regionale-avdelinger/">9 regionale avdelinger</a> ved kompetansesentre for dans og interesseorganisasjoner. Gjennom avdelingene bidrar vi til at flere kan bo og virke i regionene, noe som igjen bidrar til økt sysselsetting og verdiskaping utenfor Oslo. PRODA er med å etablere nødvendige møteplasser, nettverk, faglig utvikling og kontinuerlig trening for dansere i hele landet. Dette styrker muligheten for dansere til å opprettholde sin kunstneriske kompetanse, og vil igjen kunne lede til økt aktivitet og et større mangfold i tilbudet i regionene.</p>
<p><strong><em>PRODA skal legge til rette for gode arbeidsvilkår i yrket som dansekunstner og bidra til bærekraftige dansekunstkarrierer</em></strong></p>
<p>PRODA legger til rette for dansere, på lik linje med en arbeidsgiver. Dansekunstnere i Norge opererer i stor grad i det frie feltet, uten en fast arbeidsgiver, og PRODA anses som en av grunnpilarene. PRODA er en viktig del av arbeidsvilkår og fellesskap i en kompleks og krevende arbeidshverdag for dansere. Et bredt, målrettet fagtilbud i tilstrekkelig omfang har stor betydning for alle som jobber i danseyrker. PRODAs formål er fastsatt med grunnlag i dansekunstnernes inntekts- og utdannelsesnivå og arbeidsvilkår. PRODAs tilbud er et sentralt kunstnertiltak rettet mot frilansere, og fagtilbudet er derfor en viktig rammefaktor for at det formidles dansekunst av høy kvalitet. PRODA skaper verdier som kommer andre til gode. <em> </em></p>


<figure class="wp-block-image size-large"><img loading="lazy" decoding="async" width="1024" height="1024" src="https://proda.no/wp-content/uploads/2025/08/Design-uten-navn-1024x1024.png" alt="" class="wp-image-19824" srcset="https://proda.no/wp-content/uploads/2025/08/Design-uten-navn-1024x1024.png 1024w, https://proda.no/wp-content/uploads/2025/08/Design-uten-navn-300x300.png 300w, https://proda.no/wp-content/uploads/2025/08/Design-uten-navn-150x150.png 150w, https://proda.no/wp-content/uploads/2025/08/Design-uten-navn-768x768.png 768w, https://proda.no/wp-content/uploads/2025/08/Design-uten-navn-100x100.png 100w, https://proda.no/wp-content/uploads/2025/08/Design-uten-navn-600x600.png 600w, https://proda.no/wp-content/uploads/2025/08/Design-uten-navn-1536x1536.png 1536w, https://proda.no/wp-content/uploads/2025/08/Design-uten-navn-2048x2048.png 2048w, https://proda.no/wp-content/uploads/2025/08/Design-uten-navn-960x960.png 960w, https://proda.no/wp-content/uploads/2025/08/Design-uten-navn-480x480.png 480w, https://proda.no/wp-content/uploads/2025/08/Design-uten-navn-52x52.png 52w, https://proda.no/wp-content/uploads/2025/08/Design-uten-navn-128x128.png 128w, https://proda.no/wp-content/uploads/2025/08/Design-uten-navn-1170x1170.png 1170w, https://proda.no/wp-content/uploads/2025/08/Design-uten-navn.png 1080w" sizes="auto, (max-width: 1024px) 100vw, 1024px" /></figure>



<p></p>



<p></p>



<p></p>



<h2 class="wp-block-heading has-text-align-center" id="0-historikk-">Historikk</h2>



<p><strong>PRODA profesjonell dansetrening</strong> ble opprettet i 1988 etter initiativ fra <strong><a href="https://norskedansekunstnere.no/">Norske Dansekunstnere, forbundet for dansere, koreografer og pedagoger</a></strong> Tiltaket ble&nbsp;støttet av Kulturdepartementet som et ledd i å bedre dansekunstnernes&nbsp;arbeids- og levekår. PRODA finansieres i dag gjennom statstilskudd over Kulturdepartementets budsjett, og gjennom betydelig driftstøtte fra Oslo Kommune. De regionale avdelingene har også ulik grad av medfinansiering lokalt, som er helt essensiell for den regionale aktiviteten. </p>



<p>PRODA har siden opprettelsen vært et relevant og samlende fagtilbud for dansefeltet. Organisasjonen utvikler seg i tråd med tendenser i feltet og er en inspirerende arena for faglig utvikling. Siden oppstarten i Oslo i 1988, har PRODA utviklet seg til å bli en nasjonal premissleverandør av kompetansehevende tiltak for profesjonelle dansekunstnere. Region Vest og Nord var de to første regionene som kom til i 1998, deretter Trøndelag (nå Sør-Trøndelag) og Rogaland i 1999. PRODA har i dag totalt 10 regionale avdelinger, hvor Oslo er den største regionen. 75% av dansekunstnerne bor i Oslo og hoveddelen av statstilskuddet går til et daglig tilbud her. I regionene er det ukes- og samlingsbasert aktivitet i tråd med lokale behov og antall dansekunstnere basert i de ulike regionene.</p>



<p>PRODA har samarbeid i hele landet med relevante aktører, dansescener, festivaler og organisasjoner mfl., som bidrar til at vi kan realisere workshops, seminar og andre faglige aktiviteter. Det arrangeres også fagtilbud som er tverrkunstnerisk, som bidrar til økt kompetanse- og kunnskapsdeling i ulike fagfelt.</p>



<p></p>



<h2 class="wp-block-heading has-text-align-center">Yearly reports</h2>



<p>Annual reports are made for PRODA's nationwide activity. These are only availiable in Norwegian.</p>



<p>Dowload the last reports here.</p>



<p><a href="https://proda.no/wp-content/uploads/2025/06/Arsrapport-2024.pdf">Årsrapport 2024</a></p>



<p><a href="https://proda.no/wp-content/uploads/2024/06/Arsrapport-2023.pdf">Årsrapport 2023</a></p>



<p><a href="https://proda.no/wp-content/uploads/2023/03/Signert-arsrapport-2022.pdf">Årsrapport 2022</a></p>



<p><a href="https://proda.no/wp-content/uploads/2022/03/Signert-årsrapport-2021.pdf">Årsrapport 2021</a></p>



<p><a href="https://proda.no/wp-content/uploads/2021/05/Årsrapport-2020.pdf">Årsrapport 2020</a></p>



<p><sub>Foto: Fra Åpen prøvedans 2022 og workshop med Mia Habib, foto: Elin Osjord</sub></p>



<p></p>

<p>PRODA profesjonell dansetrening skal arrangere et daglig kompetansehevende fagtilbud, som bidrar til at dansekunstnere kan utøve og formidle dans av høy kvalitet. PRODA profesjonell dansetrening er et kostnadsfritt og landsdekkende&#8230;</p>
