{"id":13041,"date":"2022-10-31T16:08:41","date_gmt":"2022-10-31T15:08:41","guid":{"rendered":"https:\/\/proda.no\/?page_id=13041"},"modified":"2025-09-17T14:02:04","modified_gmt":"2025-09-17T12:02:04","slug":"proda-innlandet","status":"publish","type":"page","link":"https:\/\/proda.no\/en\/regionale-avdelinger\/proda-innlandet\/","title":{"rendered":"PRODA Innlandet"},"content":{"rendered":"<p><strong>PRODA Innlandet administreres av DansINN<\/strong>, regionalt kompetansesenter for dans, og har hatt PRODA-aktivitet siden 2019. Det bor ca. 40 profesjonelle dansekunstnere i regionen. De fleste virker som dansepedagoger, og er tilknyttet en rekke kulturskoler, private danseskoler og videreg\u00e5ende skoler i regionen. Det er en \u00f8kning i antall dansekunstnere som virker ut\u00f8vende og skapende med b\u00e5de lokal, nasjonal og internasjonal forankring. Aktiviteten er variert n\u00e5r det gjelder sjangere, lokale og tilreisende pedagoger og det gjennomf\u00f8res aktivitet flere steder i regionen, ofte i samarbeid med andre regionale akt\u00f8rer som R.E.D. Eina, SIB Dance Lab, PS;Dans, Create VGS, B\u00f8rsen Kulturhus, Kulturhusbanken Lillehammer, PRODA sentralt og MOVE Dansefestival.<\/p>\n\n\n<div class=\"wp-block-media-text has-media-on-the-right is-stacked-on-mobile\" style=\"grid-template-columns:auto 25%\"><div class=\"wp-block-media-text__content\">\n<p><strong>Kontaktinformasjon: <\/strong><\/p>\n\n\n\n<p><strong>Regional leder:<\/strong> Frida Vorgaard<\/p>\n\n\n\n<p><strong>Tlf:<\/strong> 948 23 922<\/p>\n\n\n\n<p><strong>Mail:<\/strong> <a href=\"mailto:frida@dansinn.no\">frida@dansinn.no<\/a> <\/p>\n<\/div><figure class=\"wp-block-media-text__media\"><img loading=\"lazy\" decoding=\"async\" width=\"393\" height=\"588\" src=\"https:\/\/proda.no\/wp-content\/uploads\/2025\/03\/Frida-Vorgaard-fotoLise-Skjaeraasen.jpg\" alt=\"\" class=\"wp-image-18914 size-full\" srcset=\"https:\/\/proda.no\/wp-content\/uploads\/2025\/03\/Frida-Vorgaard-fotoLise-Skjaeraasen.jpg 393w, https:\/\/proda.no\/wp-content\/uploads\/2025\/03\/Frida-Vorgaard-fotoLise-Skjaeraasen-201x300.jpg 201w, https:\/\/proda.no\/wp-content\/uploads\/2025\/03\/Frida-Vorgaard-fotoLise-Skjaeraasen-8x12.jpg 8w\" sizes=\"auto, (max-width: 393px) 100vw, 393px\" \/><\/figure><\/div>\n\n\n\n<p><\/p>\n\n\n\n<p>For mer informasjon og timeplan sjekk ut PRODA Innlandet p\u00e5 <a href=\"http:\/\/www.facebook.com\/dansinnlandet\" target=\"_blank\" rel=\"noreferrer noopener\">facebook<\/a> and <a href=\"http:\/\/@dans.inn\" target=\"_blank\" rel=\"noreferrer noopener\">instagram<\/a> eller via deres <a href=\"https:\/\/www.dansinn.no\/prodaa\" target=\"_blank\" rel=\"noreferrer noopener\">nettside<\/a>.<\/p>\n\n\n\n<p>Aktivitet ved PRODA Innlandet gjennomf\u00f8res flere steder i regionen, bl.a. ved PS:Dans p\u00e5 Hamar og i Gj\u00f8vik, Create VGS i Lillehammer, L\u00f8ftet dansestudio i S\u00f8r-Fron, R.E.D. p\u00e5 Eina, B\u00f8rsen Kulturhus p\u00e5 Tangen og Kulturhuset Banken p\u00e5 Lillehammer. <\/p>\n\n\n\n<p>For mer informasjon om DansINN sjekk dem ut <a href=\"http:\/\/www.dansinn.no\" target=\"_blank\" rel=\"noreferrer noopener\">her!<\/a><\/p>\n\n\n\n<figure class=\"wp-block-image size-medium\"><img loading=\"lazy\" decoding=\"async\" width=\"300\" height=\"300\" src=\"https:\/\/proda.no\/wp-content\/uploads\/2025\/03\/DansINN-logo-300x300.jpg\" alt=\"\" class=\"wp-image-18917\" srcset=\"https:\/\/proda.no\/wp-content\/uploads\/2025\/03\/DansINN-logo-300x300.jpg 300w, https:\/\/proda.no\/wp-content\/uploads\/2025\/03\/DansINN-logo-1024x1024.jpg 1024w, https:\/\/proda.no\/wp-content\/uploads\/2025\/03\/DansINN-logo-150x150.jpg 150w, https:\/\/proda.no\/wp-content\/uploads\/2025\/03\/DansINN-logo-768x768.jpg 768w, https:\/\/proda.no\/wp-content\/uploads\/2025\/03\/DansINN-logo-100x100.jpg 100w, https:\/\/proda.no\/wp-content\/uploads\/2025\/03\/DansINN-logo-600x600.jpg 600w, https:\/\/proda.no\/wp-content\/uploads\/2025\/03\/DansINN-logo-1536x1536.jpg 1536w, https:\/\/proda.no\/wp-content\/uploads\/2025\/03\/DansINN-logo-2048x2048.jpg 2048w, https:\/\/proda.no\/wp-content\/uploads\/2025\/03\/DansINN-logo-960x960.jpg 960w, https:\/\/proda.no\/wp-content\/uploads\/2025\/03\/DansINN-logo-480x480.jpg 480w, https:\/\/proda.no\/wp-content\/uploads\/2025\/03\/DansINN-logo-52x52.jpg 52w, https:\/\/proda.no\/wp-content\/uploads\/2025\/03\/DansINN-logo-128x128.jpg 128w, https:\/\/proda.no\/wp-content\/uploads\/2025\/03\/DansINN-logo-1170x1170.jpg 1170w, https:\/\/proda.no\/wp-content\/uploads\/2025\/03\/DansINN-logo.jpg 984w\" sizes=\"auto, (max-width: 300px) 100vw, 300px\" \/><\/figure>\n\n\n\n<p><sub>Foto: Lise Skj\u00e6raasen<\/sub><\/p>","protected":false},"excerpt":{"rendered":"<p>PRODA Innlandet administreres av DansINN, regionalt kompetansesenter for dans, og har hatt PRODA-aktivitet siden 2019. Det bor ca. 40 profesjonelle dansekunstnere i regionen. De fleste virker som dansepedagoger, og er&#8230;<\/p>","protected":false},"author":15,"featured_media":0,"parent":929,"menu_order":0,"comment_status":"closed","ping_status":"closed","template":"","meta":{"_acf_changed":false,"footnotes":""},"class_list":["post-13041","page","type-page","status-publish","hentry"],"acf":[],"featured_image_src":null,"_links":{"self":[{"href":"https:\/\/proda.no\/en\/wp-json\/wp\/v2\/pages\/13041","targetHints":{"allow":["GET"]}}],"collection":[{"href":"https:\/\/proda.no\/en\/wp-json\/wp\/v2\/pages"}],"about":[{"href":"https:\/\/proda.no\/en\/wp-json\/wp\/v2\/types\/page"}],"author":[{"embeddable":true,"href":"https:\/\/proda.no\/en\/wp-json\/wp\/v2\/users\/15"}],"replies":[{"embeddable":true,"href":"https:\/\/proda.no\/en\/wp-json\/wp\/v2\/comments?post=13041"}],"version-history":[{"count":13,"href":"https:\/\/proda.no\/en\/wp-json\/wp\/v2\/pages\/13041\/revisions"}],"predecessor-version":[{"id":20242,"href":"https:\/\/proda.no\/en\/wp-json\/wp\/v2\/pages\/13041\/revisions\/20242"}],"up":[{"embeddable":true,"href":"https:\/\/proda.no\/en\/wp-json\/wp\/v2\/pages\/929"}],"wp:attachment":[{"href":"https:\/\/proda.no\/en\/wp-json\/wp\/v2\/media?parent=13041"}],"curies":[{"name":"wp","href":"https:\/\/api.w.org\/{rel}","templated":true}]}}

<p><strong>PRODA Innlandet administreres av DansINN</strong>, regionalt kompetansesenter for dans, og har hatt PRODA-aktivitet siden 2019. Det bor ca. 40 profesjonelle dansekunstnere i regionen. De fleste virker som dansepedagoger, og er tilknyttet en rekke kulturskoler, private danseskoler og videregående skoler i regionen. Det er en økning i antall dansekunstnere som virker utøvende og skapende med både lokal, nasjonal og internasjonal forankring. Aktiviteten er variert når det gjelder sjangere, lokale og tilreisende pedagoger og det gjennomføres aktivitet flere steder i regionen, ofte i samarbeid med andre regionale aktører som R.E.D. Eina, SIB Dance Lab, PS;Dans, Create VGS, Børsen Kulturhus, Kulturhusbanken Lillehammer, PRODA sentralt og MOVE Dansefestival.</p>


<div class="wp-block-media-text has-media-on-the-right is-stacked-on-mobile" style="grid-template-columns:auto 25%"><div class="wp-block-media-text__content">
<p><strong>Kontaktinformasjon: </strong></p>



<p><strong>Regional leder:</strong> Frida Vorgaard</p>



<p><strong>Tlf:</strong> 948 23 922</p>



<p><strong>Mail:</strong> <a href="mailto:frida@dansinn.no">frida@dansinn.no</a> </p>
</div><figure class="wp-block-media-text__media"><img loading="lazy" decoding="async" width="393" height="588" src="https://proda.no/wp-content/uploads/2025/03/Frida-Vorgaard-fotoLise-Skjaeraasen.jpg" alt="" class="wp-image-18914 size-full" srcset="https://proda.no/wp-content/uploads/2025/03/Frida-Vorgaard-fotoLise-Skjaeraasen.jpg 393w, https://proda.no/wp-content/uploads/2025/03/Frida-Vorgaard-fotoLise-Skjaeraasen-201x300.jpg 201w, https://proda.no/wp-content/uploads/2025/03/Frida-Vorgaard-fotoLise-Skjaeraasen-8x12.jpg 8w" sizes="auto, (max-width: 393px) 100vw, 393px" /></figure></div>



<p></p>



<p>For mer informasjon og timeplan sjekk ut PRODA Innlandet på <a href="http://www.facebook.com/dansinnlandet" target="_blank" rel="noreferrer noopener">facebook</a> and <a href="http://@dans.inn" target="_blank" rel="noreferrer noopener">instagram</a> eller via deres <a href="https://www.dansinn.no/prodaa" target="_blank" rel="noreferrer noopener">nettside</a>.</p>



<p>Aktivitet ved PRODA Innlandet gjennomføres flere steder i regionen, bl.a. ved PS:Dans på Hamar og i Gjøvik, Create VGS i Lillehammer, Løftet dansestudio i Sør-Fron, R.E.D. på Eina, Børsen Kulturhus på Tangen og Kulturhuset Banken på Lillehammer. </p>



<p>For mer informasjon om DansINN sjekk dem ut <a href="http://www.dansinn.no" target="_blank" rel="noreferrer noopener">her!</a></p>



<figure class="wp-block-image size-medium"><img loading="lazy" decoding="async" width="300" height="300" src="https://proda.no/wp-content/uploads/2025/03/DansINN-logo-300x300.jpg" alt="" class="wp-image-18917" srcset="https://proda.no/wp-content/uploads/2025/03/DansINN-logo-300x300.jpg 300w, https://proda.no/wp-content/uploads/2025/03/DansINN-logo-1024x1024.jpg 1024w, https://proda.no/wp-content/uploads/2025/03/DansINN-logo-150x150.jpg 150w, https://proda.no/wp-content/uploads/2025/03/DansINN-logo-768x768.jpg 768w, https://proda.no/wp-content/uploads/2025/03/DansINN-logo-100x100.jpg 100w, https://proda.no/wp-content/uploads/2025/03/DansINN-logo-600x600.jpg 600w, https://proda.no/wp-content/uploads/2025/03/DansINN-logo-1536x1536.jpg 1536w, https://proda.no/wp-content/uploads/2025/03/DansINN-logo-2048x2048.jpg 2048w, https://proda.no/wp-content/uploads/2025/03/DansINN-logo-960x960.jpg 960w, https://proda.no/wp-content/uploads/2025/03/DansINN-logo-480x480.jpg 480w, https://proda.no/wp-content/uploads/2025/03/DansINN-logo-52x52.jpg 52w, https://proda.no/wp-content/uploads/2025/03/DansINN-logo-128x128.jpg 128w, https://proda.no/wp-content/uploads/2025/03/DansINN-logo-1170x1170.jpg 1170w, https://proda.no/wp-content/uploads/2025/03/DansINN-logo.jpg 984w" sizes="auto, (max-width: 300px) 100vw, 300px" /></figure>



<p><sub>Foto: Lise Skjæraasen</sub></p>
