{"id":11635,"date":"2022-05-24T10:32:52","date_gmt":"2022-05-24T08:32:52","guid":{"rendered":"https:\/\/proda.no\/?page_id=11635"},"modified":"2025-07-29T16:50:10","modified_gmt":"2025-07-29T14:50:10","slug":"provedans","status":"publish","type":"page","link":"https:\/\/proda.no\/en\/provedans\/","title":{"rendered":"\u00c5pen pr\u00f8vedans og bransjetreff"},"content":{"rendered":"<h5 class=\"wp-block-heading\">Norske Dansekunstnere og PRODA profesjonell dansetrening samarbeider om utviklingen av en b\u00e6rekraftig og relevant kompetansehevende og nettverksskapende plattform for dansekunstbransjen. <\/h5>\n\n\n\n<p><\/p>\n\n\n\n<p>Plattformen skal legge til rette for nasjonal deltakelse og samvirke, og bidra til et \u00f8kt mangfold i dansekunstbransjen. Arrangementet \u00c5pen pr\u00f8vedans har som form\u00e5l \u00e5 tilrettelegge for en m\u00f8teplass mellom institusjoner og akt\u00f8rer i det frie feltet, arbeidsgiversiden og arbeidstakersiden, samt bidra til \u00e5 skape nye forbindelser i dansefeltet p\u00e5 tvers av posisjon, erfaring og tilh\u00f8righet. \u00c5pen pr\u00f8vedans har ogs\u00e5 en viktig funksjon som samlende bransjetreff og kompetanseheving.<\/p>\n\n\n\n<p><strong>KONSEPTUTREDNING \u00c5PEN PR\u00d8VEDANS 2025<\/strong><\/p>\n\n\n\n<p>PRODA profesjonell dansetrening og Norske Dansekunstnere har mottatt tilskudd fra Kulturr\u00e5det, og ordningen <em>Utviklingstiltak for kulturakt\u00f8rer<\/em>, til \u00e5 konseptutrede \u00c5pen pr\u00f8vedans h\u00f8sten 2025. Michelle Flagstad og William Boo er ansatt som prosjektleder og prosjektutvikler. Arrangementet \u00c5pen pr\u00f8vedans har som form\u00e5l \u00e5 tilrettelegge for en m\u00f8teplass mellom arbeidsgiversiden og arbeidstakersiden, samt bidra til \u00e5 skape nye forbindelser i dansefeltet p\u00e5 tvers av posisjon, erfaring og tilh\u00f8righet. \u00c5pen pr\u00f8vedans har ogs\u00e5 en viktig funksjon som samlende bransjetreff og kompetanseheving.&nbsp;<\/p>\n\n\n\n<p>Les mer om prosjektet og konseptutredningen <a href=\"https:\/\/proda.no\/en\/2025\/07\/02\/tilskudd-til-konseptutredning-apen-provedans\/\"><strong>her!<\/strong><\/a><\/p>\n\n\n\n<p><strong>KORT OM HISTORIKKEN<\/strong><\/p>\n\n\n\n<p>PRODA profesjonell dansetrening, Norske Dansekunstnere og Dansens Hus, har siden 2009 v\u00e6rt arrang\u00f8rer av \u00c5pen Pr\u00f8vedans. Den siste gangen \u00c5pen Pr\u00f8vedans ble arrangert var i 2016. Anledningen til dette var at auditionformatet ikke opplevdes tilstrekkelig relevant for koreografer og arbeidsgivere. Dette f\u00f8rte til en lav oppslutning, og etter hvert en avvikling av konseptet \u00c5pen Pr\u00f8vedans.<\/p>\n\n\n\n<p>P\u00e5 bakgrunn av et \u00f8kende behov hos organisasjonenes medlemmer, reduserte arbeidsmuligheter som f\u00f8lge av koronapandemien og en sp\u00f8rreunders\u00f8kelse med over 100 interessenter, besluttet PRODA, Norske Dansekunstnere og Skuespiller- og Danseralliansen (SKUDA), \u00e5 reetablere \u00c5pen Pr\u00f8vedans i en ny drakt. Arrangementet skulle i st\u00f8rre grad svare ut b\u00e5de dansernes, koreografene og andre arbeidsgiveres behov, enn tidligere. I dialog med ulike koreografer, og gjennom sp\u00f8rreunders\u00f8kelsen, mottok vi tilbakemeldinger og forslag som la grunnlaget for arrangementets nye format.<\/p>\n\n\n\n<p>9. september 2022 gjennomf\u00f8rte vi \u00ab\u00c5pen Pr\u00f8vedans og Bransjetreff\u00bb p\u00e5 Rom for Dans i Oslo. PRODA stod som prosjektleder, Norske Dansekunstnere og SKUDA stilte som medarrang\u00f8rer.<\/p>\n\n\n\n<p>Det nye konseptet hadde til hensikt \u00e5 bryte med den tradisjonelle og til tider hierarkiske auditionformen. M\u00e5let var \u00e5 skape et format hvor hele feltet kunne m\u00f8tes og bidra til \u00e5 skape nye forbindelser p\u00e5 tvers av posisjon, erfaring og tilh\u00f8righet. Arrangementet skulle ogs\u00e5 i st\u00f8rre grad v\u00e6re en m\u00f8teplass og et sted for utveksling, dialog, nye bekjentskaper og kontakter.<\/p>","protected":false},"excerpt":{"rendered":"<p>Norske Dansekunstnere og PRODA profesjonell dansetrening samarbeider om utviklingen av en b\u00e6rekraftig og relevant kompetansehevende og nettverksskapende plattform for dansekunstbransjen. Plattformen skal legge til rette for nasjonal deltakelse og samvirke,&#8230;<\/p>","protected":false},"author":32,"featured_media":19776,"parent":0,"menu_order":0,"comment_status":"closed","ping_status":"closed","template":"","meta":{"_acf_changed":false,"footnotes":""},"class_list":["post-11635","page","type-page","status-publish","has-post-thumbnail","hentry"],"acf":[],"featured_image_src":"https:\/\/proda.no\/wp-content\/uploads\/2025\/07\/v1.png","_links":{"self":[{"href":"https:\/\/proda.no\/en\/wp-json\/wp\/v2\/pages\/11635","targetHints":{"allow":["GET"]}}],"collection":[{"href":"https:\/\/proda.no\/en\/wp-json\/wp\/v2\/pages"}],"about":[{"href":"https:\/\/proda.no\/en\/wp-json\/wp\/v2\/types\/page"}],"author":[{"embeddable":true,"href":"https:\/\/proda.no\/en\/wp-json\/wp\/v2\/users\/32"}],"replies":[{"embeddable":true,"href":"https:\/\/proda.no\/en\/wp-json\/wp\/v2\/comments?post=11635"}],"version-history":[{"count":35,"href":"https:\/\/proda.no\/en\/wp-json\/wp\/v2\/pages\/11635\/revisions"}],"predecessor-version":[{"id":19777,"href":"https:\/\/proda.no\/en\/wp-json\/wp\/v2\/pages\/11635\/revisions\/19777"}],"wp:featuredmedia":[{"embeddable":true,"href":"https:\/\/proda.no\/en\/wp-json\/wp\/v2\/media\/19776"}],"wp:attachment":[{"href":"https:\/\/proda.no\/en\/wp-json\/wp\/v2\/media?parent=11635"}],"curies":[{"name":"wp","href":"https:\/\/api.w.org\/{rel}","templated":true}]}}

Åpen prøvedans og bransjetreff

<h5 class="wp-block-heading">Norske Dansekunstnere og PRODA profesjonell dansetrening samarbeider om utviklingen av en bærekraftig og relevant kompetansehevende og nettverksskapende plattform for dansekunstbransjen. </h5>



<p></p>



<p>Plattformen skal legge til rette for nasjonal deltakelse og samvirke, og bidra til et økt mangfold i dansekunstbransjen. Arrangementet Åpen prøvedans har som formål å tilrettelegge for en møteplass mellom institusjoner og aktører i det frie feltet, arbeidsgiversiden og arbeidstakersiden, samt bidra til å skape nye forbindelser i dansefeltet på tvers av posisjon, erfaring og tilhørighet. Åpen prøvedans har også en viktig funksjon som samlende bransjetreff og kompetanseheving.</p>



<p><strong>KONSEPTUTREDNING ÅPEN PRØVEDANS 2025</strong></p>



<p>PRODA profesjonell dansetrening og Norske Dansekunstnere har mottatt tilskudd fra Kulturrådet, og ordningen <em>Utviklingstiltak for kulturaktører</em>, til å konseptutrede Åpen prøvedans høsten 2025. Michelle Flagstad og William Boo er ansatt som prosjektleder og prosjektutvikler. Arrangementet Åpen prøvedans har som formål å tilrettelegge for en møteplass mellom arbeidsgiversiden og arbeidstakersiden, samt bidra til å skape nye forbindelser i dansefeltet på tvers av posisjon, erfaring og tilhørighet. Åpen prøvedans har også en viktig funksjon som samlende bransjetreff og kompetanseheving.&nbsp;</p>



<p>Les mer om prosjektet og konseptutredningen <a href="https://proda.no/en/2025/07/02/tilskudd-til-konseptutredning-apen-provedans/"><strong>her!</strong></a></p>



<p><strong>KORT OM HISTORIKKEN</strong></p>



<p>PRODA profesjonell dansetrening, Norske Dansekunstnere og Dansens Hus, har siden 2009 vært arrangører av Åpen Prøvedans. Den siste gangen Åpen Prøvedans ble arrangert var i 2016. Anledningen til dette var at auditionformatet ikke opplevdes tilstrekkelig relevant for koreografer og arbeidsgivere. Dette førte til en lav oppslutning, og etter hvert en avvikling av konseptet Åpen Prøvedans.</p>



<p>På bakgrunn av et økende behov hos organisasjonenes medlemmer, reduserte arbeidsmuligheter som følge av koronapandemien og en spørreundersøkelse med over 100 interessenter, besluttet PRODA, Norske Dansekunstnere og Skuespiller- og Danseralliansen (SKUDA), å reetablere Åpen Prøvedans i en ny drakt. Arrangementet skulle i større grad svare ut både dansernes, koreografene og andre arbeidsgiveres behov, enn tidligere. I dialog med ulike koreografer, og gjennom spørreundersøkelsen, mottok vi tilbakemeldinger og forslag som la grunnlaget for arrangementets nye format.</p>



<p>9. september 2022 gjennomførte vi «Åpen Prøvedans og Bransjetreff» på Rom for Dans i Oslo. PRODA stod som prosjektleder, Norske Dansekunstnere og SKUDA stilte som medarrangører.</p>



<p>Det nye konseptet hadde til hensikt å bryte med den tradisjonelle og til tider hierarkiske auditionformen. Målet var å skape et format hvor hele feltet kunne møtes og bidra til å skape nye forbindelser på tvers av posisjon, erfaring og tilhørighet. Arrangementet skulle også i større grad være en møteplass og et sted for utveksling, dialog, nye bekjentskaper og kontakter.</p>

<p>Norske Dansekunstnere og PRODA profesjonell dansetrening samarbeider om utviklingen av en bærekraftig og relevant kompetansehevende og nettverksskapende plattform for dansekunstbransjen. Plattformen skal legge til rette for nasjonal deltakelse og samvirke,&#8230;</p>
