{"id":1003,"date":"2016-12-07T14:18:59","date_gmt":"2016-12-07T13:18:59","guid":{"rendered":"https:\/\/proda.koding.as\/?page_id=1003"},"modified":"2025-04-02T11:32:09","modified_gmt":"2025-04-02T09:32:09","slug":"proda-nord","status":"publish","type":"page","link":"https:\/\/proda.no\/en\/regionale-avdelinger\/proda-nord\/","title":{"rendered":"PRODA Nord"},"content":{"rendered":"<p><strong>PRODA Nord administreres av Forum for Nordnorske Dansekunstnere<\/strong>, og er en av v\u00e5re eldste regionale avdelinger, med PRODA-tilskudd helt tilbake til 1999. Det er aktive dansekunstnere i hele regionen, og mange pedagoger er <img loading=\"lazy\" decoding=\"async\" class=\"size-medium wp-image-18956 alignleft\" src=\"https:\/\/proda.no\/wp-content\/uploads\/2025\/03\/PRODA-NORD-3-Jamie-Michael-Bivard-199x300.png\" alt=\"\" width=\"199\" height=\"300\" srcset=\"https:\/\/proda.no\/wp-content\/uploads\/2025\/03\/PRODA-NORD-3-Jamie-Michael-Bivard-199x300.png 199w, https:\/\/proda.no\/wp-content\/uploads\/2025\/03\/PRODA-NORD-3-Jamie-Michael-Bivard-678x1024.png 678w, https:\/\/proda.no\/wp-content\/uploads\/2025\/03\/PRODA-NORD-3-Jamie-Michael-Bivard-768x1159.png 768w, https:\/\/proda.no\/wp-content\/uploads\/2025\/03\/PRODA-NORD-3-Jamie-Michael-Bivard-600x906.png 600w, https:\/\/proda.no\/wp-content\/uploads\/2025\/03\/PRODA-NORD-3-Jamie-Michael-Bivard-1018x1536.png 1018w, https:\/\/proda.no\/wp-content\/uploads\/2025\/03\/PRODA-NORD-3-Jamie-Michael-Bivard-8x12.png 8w, https:\/\/proda.no\/wp-content\/uploads\/2025\/03\/PRODA-NORD-3-Jamie-Michael-Bivard-1170x1766.png 1170w, https:\/\/proda.no\/wp-content\/uploads\/2025\/03\/PRODA-NORD-3-Jamie-Michael-Bivard.png 1172w\" sizes=\"auto, (max-width: 199px) 100vw, 199px\" \/>knyttet til kulturskoler, private danseskoler og videreg\u00e5ende skoler. Enkeltkunstnere, prosjektbaserte kompanier og kunstnergrupper jobber i Hammerfest, Hadsel, Kautokeino, Mo i Rana, Troms\u00f8 og Bod\u00f8. Regionen er v\u00e5r st\u00f8rste i utstrekning, og store avstander er utfordrende for deltakelse p\u00e5 arrangementer, men PRODA er sv\u00e6rt viktig i forhold til nettverk og m\u00f8teplasser for dansemilj\u00f8et i landsdelen. PRODA arrangeres prim\u00e6rt i forbindelse med festivaler, da det naturlig er mange tilreisende dansekunstnere fra hele regionen. FNND har gjennom den Nordnorske kulturavtalen dekket noe reisest\u00f8tte for medlemmer av FNND for \u00e5 reise til PRODA-tilbud.<\/p>\n\n\n<div class=\"wp-block-media-text has-media-on-the-right is-stacked-on-mobile\" style=\"grid-template-columns:auto 30%\"><div class=\"wp-block-media-text__content\">\n<p><strong>Kontaktperson:<\/strong> Karianne Andreassen<\/p>\n\n\n\n<p><strong>Tlf:<\/strong> 926 27 850<\/p>\n\n\n\n<p><strong>Mail:<\/strong> <a href=\"mailto:karianne@fnnd.no\">karianne@fnnd.no<\/a> <\/p>\n<\/div><figure class=\"wp-block-media-text__media\"><img loading=\"lazy\" decoding=\"async\" width=\"1024\" height=\"1024\" src=\"https:\/\/proda.no\/wp-content\/uploads\/2025\/03\/Karianne-18-scaled-1-1024x1024.jpg\" alt=\"\" class=\"wp-image-18957 size-full\" srcset=\"https:\/\/proda.no\/wp-content\/uploads\/2025\/03\/Karianne-18-scaled-1-1024x1024.jpg 1024w, https:\/\/proda.no\/wp-content\/uploads\/2025\/03\/Karianne-18-scaled-1-300x300.jpg 300w, https:\/\/proda.no\/wp-content\/uploads\/2025\/03\/Karianne-18-scaled-1-150x150.jpg 150w, https:\/\/proda.no\/wp-content\/uploads\/2025\/03\/Karianne-18-scaled-1-100x100.jpg 100w, https:\/\/proda.no\/wp-content\/uploads\/2025\/03\/Karianne-18-scaled-1-1536x1536.jpg 1536w, https:\/\/proda.no\/wp-content\/uploads\/2025\/03\/Karianne-18-scaled-1-2048x2048.jpg 2048w, https:\/\/proda.no\/wp-content\/uploads\/2025\/03\/Karianne-18-scaled-1-960x960.jpg 960w, https:\/\/proda.no\/wp-content\/uploads\/2025\/03\/Karianne-18-scaled-1-480x480.jpg 480w, https:\/\/proda.no\/wp-content\/uploads\/2025\/03\/Karianne-18-scaled-1-52x52.jpg 52w, https:\/\/proda.no\/wp-content\/uploads\/2025\/03\/Karianne-18-scaled-1-128x128.jpg 128w\" sizes=\"auto, (max-width: 1024px) 100vw, 1024px\" \/><\/figure><\/div>\n\n\n\n<p><\/p>\n\n\n\n<p>For mer informasjon og timeplan sjekk ut PRODA Nord p\u00e5 <a href=\"https:\/\/www.facebook.com\/forumfornordnorskedansekunstnere\" target=\"_blank\" rel=\"noreferrer noopener\">facebook<\/a>, <a href=\"https:\/\/www.instagram.com\/fnnddans\/\" target=\"_blank\" rel=\"noreferrer noopener\">instagram<\/a> eller via deres <a href=\"https:\/\/www.fnnd.no\/proda\" target=\"_blank\" rel=\"noreferrer noopener\">nettside<\/a>.<\/p>\n\n\n\n<p>Aktivitet ved PRODA Nord gjennomf\u00f8res ved Baredans i Bod\u00f8, V\u00e5rscenefest, R\u00e5dstua Teaterhus og Kulta i Troms\u00f8, FiNN i Harstad, DanseFestival Barents i Hammerfest og Skaidi under Elle Sofe Summer Intensive, samt andre steder i regionen.<\/p>\n\n\n\n<p>For mer informasjon om Forum for Nordnorske Dansekunstnere sjekk dem ut <a href=\"http:\/\/www.fnnd.no\" target=\"_blank\" rel=\"noreferrer noopener\">here<\/a><\/p>\n\n\n\n<div class=\"wp-block-columns is-layout-flex wp-container-core-columns-is-layout-9d6595d7 wp-block-columns-is-layout-flex\">\n<div class=\"wp-block-column is-layout-flow wp-block-column-is-layout-flow\" style=\"flex-basis:100%\">\n<figure class=\"wp-block-image size-medium\"><img loading=\"lazy\" decoding=\"async\" width=\"300\" height=\"300\" src=\"https:\/\/proda.no\/wp-content\/uploads\/2025\/03\/Skjermbilde-2025-03-28-kl.-11.14.06-300x300.png\" alt=\"\" class=\"wp-image-19035\" srcset=\"https:\/\/proda.no\/wp-content\/uploads\/2025\/03\/Skjermbilde-2025-03-28-kl.-11.14.06-300x300.png 300w, https:\/\/proda.no\/wp-content\/uploads\/2025\/03\/Skjermbilde-2025-03-28-kl.-11.14.06-1024x1024.png 1024w, https:\/\/proda.no\/wp-content\/uploads\/2025\/03\/Skjermbilde-2025-03-28-kl.-11.14.06-150x150.png 150w, https:\/\/proda.no\/wp-content\/uploads\/2025\/03\/Skjermbilde-2025-03-28-kl.-11.14.06-100x100.png 100w, https:\/\/proda.no\/wp-content\/uploads\/2025\/03\/Skjermbilde-2025-03-28-kl.-11.14.06-1536x1536.png 1536w, https:\/\/proda.no\/wp-content\/uploads\/2025\/03\/Skjermbilde-2025-03-28-kl.-11.14.06-2048x2048.png 2048w, https:\/\/proda.no\/wp-content\/uploads\/2025\/03\/Skjermbilde-2025-03-28-kl.-11.14.06-960x960.png 960w, https:\/\/proda.no\/wp-content\/uploads\/2025\/03\/Skjermbilde-2025-03-28-kl.-11.14.06-480x480.png 480w, https:\/\/proda.no\/wp-content\/uploads\/2025\/03\/Skjermbilde-2025-03-28-kl.-11.14.06-52x52.png 52w, https:\/\/proda.no\/wp-content\/uploads\/2025\/03\/Skjermbilde-2025-03-28-kl.-11.14.06-128x128.png 128w\" sizes=\"auto, (max-width: 300px) 100vw, 300px\" \/><\/figure>\n<\/div>\n<\/div>\n\n\n\n<p><sub>Foto fra klasse med Meagon O\u00b4Shea under V\u00e5rscenefest 2024: Jamie Michael Bivard<\/sub><\/p>","protected":false},"excerpt":{"rendered":"<p>PRODA Nord administreres av Forum for Nordnorske Dansekunstnere, og er en av v\u00e5re eldste regionale avdelinger, med PRODA-tilskudd helt tilbake til 1999. Det er aktive dansekunstnere i hele regionen, og&#8230;<\/p>","protected":false},"author":1,"featured_media":0,"parent":929,"menu_order":0,"comment_status":"closed","ping_status":"closed","template":"","meta":{"_acf_changed":false,"footnotes":""},"class_list":["post-1003","page","type-page","status-publish","hentry"],"acf":[],"featured_image_src":null,"_links":{"self":[{"href":"https:\/\/proda.no\/en\/wp-json\/wp\/v2\/pages\/1003","targetHints":{"allow":["GET"]}}],"collection":[{"href":"https:\/\/proda.no\/en\/wp-json\/wp\/v2\/pages"}],"about":[{"href":"https:\/\/proda.no\/en\/wp-json\/wp\/v2\/types\/page"}],"author":[{"embeddable":true,"href":"https:\/\/proda.no\/en\/wp-json\/wp\/v2\/users\/1"}],"replies":[{"embeddable":true,"href":"https:\/\/proda.no\/en\/wp-json\/wp\/v2\/comments?post=1003"}],"version-history":[{"count":17,"href":"https:\/\/proda.no\/en\/wp-json\/wp\/v2\/pages\/1003\/revisions"}],"predecessor-version":[{"id":19070,"href":"https:\/\/proda.no\/en\/wp-json\/wp\/v2\/pages\/1003\/revisions\/19070"}],"up":[{"embeddable":true,"href":"https:\/\/proda.no\/en\/wp-json\/wp\/v2\/pages\/929"}],"wp:attachment":[{"href":"https:\/\/proda.no\/en\/wp-json\/wp\/v2\/media?parent=1003"}],"curies":[{"name":"wp","href":"https:\/\/api.w.org\/{rel}","templated":true}]}}

<p><strong>PRODA Nord administreres av Forum for Nordnorske Dansekunstnere</strong>, og er en av våre eldste regionale avdelinger, med PRODA-tilskudd helt tilbake til 1999. Det er aktive dansekunstnere i hele regionen, og mange pedagoger er <img loading="lazy" decoding="async" class="size-medium wp-image-18956 alignleft" src="https://proda.no/wp-content/uploads/2025/03/PRODA-NORD-3-Jamie-Michael-Bivard-199x300.png" alt="" width="199" height="300" srcset="https://proda.no/wp-content/uploads/2025/03/PRODA-NORD-3-Jamie-Michael-Bivard-199x300.png 199w, https://proda.no/wp-content/uploads/2025/03/PRODA-NORD-3-Jamie-Michael-Bivard-678x1024.png 678w, https://proda.no/wp-content/uploads/2025/03/PRODA-NORD-3-Jamie-Michael-Bivard-768x1159.png 768w, https://proda.no/wp-content/uploads/2025/03/PRODA-NORD-3-Jamie-Michael-Bivard-600x906.png 600w, https://proda.no/wp-content/uploads/2025/03/PRODA-NORD-3-Jamie-Michael-Bivard-1018x1536.png 1018w, https://proda.no/wp-content/uploads/2025/03/PRODA-NORD-3-Jamie-Michael-Bivard-8x12.png 8w, https://proda.no/wp-content/uploads/2025/03/PRODA-NORD-3-Jamie-Michael-Bivard-1170x1766.png 1170w, https://proda.no/wp-content/uploads/2025/03/PRODA-NORD-3-Jamie-Michael-Bivard.png 1172w" sizes="auto, (max-width: 199px) 100vw, 199px" />knyttet til kulturskoler, private danseskoler og videregående skoler. Enkeltkunstnere, prosjektbaserte kompanier og kunstnergrupper jobber i Hammerfest, Hadsel, Kautokeino, Mo i Rana, Tromsø og Bodø. Regionen er vår største i utstrekning, og store avstander er utfordrende for deltakelse på arrangementer, men PRODA er svært viktig i forhold til nettverk og møteplasser for dansemiljøet i landsdelen. PRODA arrangeres primært i forbindelse med festivaler, da det naturlig er mange tilreisende dansekunstnere fra hele regionen. FNND har gjennom den Nordnorske kulturavtalen dekket noe reisestøtte for medlemmer av FNND for å reise til PRODA-tilbud.</p>


<div class="wp-block-media-text has-media-on-the-right is-stacked-on-mobile" style="grid-template-columns:auto 30%"><div class="wp-block-media-text__content">
<p><strong>Kontaktperson:</strong> Karianne Andreassen</p>



<p><strong>Tlf:</strong> 926 27 850</p>



<p><strong>Mail:</strong> <a href="mailto:karianne@fnnd.no">karianne@fnnd.no</a> </p>
</div><figure class="wp-block-media-text__media"><img loading="lazy" decoding="async" width="1024" height="1024" src="https://proda.no/wp-content/uploads/2025/03/Karianne-18-scaled-1-1024x1024.jpg" alt="" class="wp-image-18957 size-full" srcset="https://proda.no/wp-content/uploads/2025/03/Karianne-18-scaled-1-1024x1024.jpg 1024w, https://proda.no/wp-content/uploads/2025/03/Karianne-18-scaled-1-300x300.jpg 300w, https://proda.no/wp-content/uploads/2025/03/Karianne-18-scaled-1-150x150.jpg 150w, https://proda.no/wp-content/uploads/2025/03/Karianne-18-scaled-1-100x100.jpg 100w, https://proda.no/wp-content/uploads/2025/03/Karianne-18-scaled-1-1536x1536.jpg 1536w, https://proda.no/wp-content/uploads/2025/03/Karianne-18-scaled-1-2048x2048.jpg 2048w, https://proda.no/wp-content/uploads/2025/03/Karianne-18-scaled-1-960x960.jpg 960w, https://proda.no/wp-content/uploads/2025/03/Karianne-18-scaled-1-480x480.jpg 480w, https://proda.no/wp-content/uploads/2025/03/Karianne-18-scaled-1-52x52.jpg 52w, https://proda.no/wp-content/uploads/2025/03/Karianne-18-scaled-1-128x128.jpg 128w" sizes="auto, (max-width: 1024px) 100vw, 1024px" /></figure></div>



<p></p>



<p>For mer informasjon og timeplan sjekk ut PRODA Nord på <a href="https://www.facebook.com/forumfornordnorskedansekunstnere" target="_blank" rel="noreferrer noopener">facebook</a>, <a href="https://www.instagram.com/fnnddans/" target="_blank" rel="noreferrer noopener">instagram</a> eller via deres <a href="https://www.fnnd.no/proda" target="_blank" rel="noreferrer noopener">nettside</a>.</p>



<p>Aktivitet ved PRODA Nord gjennomføres ved Baredans i Bodø, Vårscenefest, Rådstua Teaterhus og Kulta i Tromsø, FiNN i Harstad, DanseFestival Barents i Hammerfest og Skaidi under Elle Sofe Summer Intensive, samt andre steder i regionen.</p>



<p>For mer informasjon om Forum for Nordnorske Dansekunstnere sjekk dem ut <a href="http://www.fnnd.no" target="_blank" rel="noreferrer noopener">here</a></p>



<div class="wp-block-columns is-layout-flex wp-container-core-columns-is-layout-9d6595d7 wp-block-columns-is-layout-flex">
<div class="wp-block-column is-layout-flow wp-block-column-is-layout-flow" style="flex-basis:100%">
<figure class="wp-block-image size-medium"><img loading="lazy" decoding="async" width="300" height="300" src="https://proda.no/wp-content/uploads/2025/03/Skjermbilde-2025-03-28-kl.-11.14.06-300x300.png" alt="" class="wp-image-19035" srcset="https://proda.no/wp-content/uploads/2025/03/Skjermbilde-2025-03-28-kl.-11.14.06-300x300.png 300w, https://proda.no/wp-content/uploads/2025/03/Skjermbilde-2025-03-28-kl.-11.14.06-1024x1024.png 1024w, https://proda.no/wp-content/uploads/2025/03/Skjermbilde-2025-03-28-kl.-11.14.06-150x150.png 150w, https://proda.no/wp-content/uploads/2025/03/Skjermbilde-2025-03-28-kl.-11.14.06-100x100.png 100w, https://proda.no/wp-content/uploads/2025/03/Skjermbilde-2025-03-28-kl.-11.14.06-1536x1536.png 1536w, https://proda.no/wp-content/uploads/2025/03/Skjermbilde-2025-03-28-kl.-11.14.06-2048x2048.png 2048w, https://proda.no/wp-content/uploads/2025/03/Skjermbilde-2025-03-28-kl.-11.14.06-960x960.png 960w, https://proda.no/wp-content/uploads/2025/03/Skjermbilde-2025-03-28-kl.-11.14.06-480x480.png 480w, https://proda.no/wp-content/uploads/2025/03/Skjermbilde-2025-03-28-kl.-11.14.06-52x52.png 52w, https://proda.no/wp-content/uploads/2025/03/Skjermbilde-2025-03-28-kl.-11.14.06-128x128.png 128w" sizes="auto, (max-width: 300px) 100vw, 300px" /></figure>
</div>
</div>



<p><sub>Foto fra klasse med Meagon O´Shea under Vårscenefest 2024: Jamie Michael Bivard</sub></p>

<p>PRODA Nord administreres av Forum for Nordnorske Dansekunstnere, og er en av våre eldste regionale avdelinger, med PRODA-tilskudd helt tilbake til 1999. Det er aktive dansekunstnere i hele regionen, og&#8230;</p>
